{"id":8,"date":"2013-12-11T20:53:51","date_gmt":"2013-12-11T19:53:51","guid":{"rendered":"http:\/\/wp.meditation-marseille.org\/?page_id=8"},"modified":"2025-12-07T10:02:24","modified_gmt":"2025-12-07T09:02:24","slug":"la-communaute","status":"publish","type":"page","link":"https:\/\/www.meditation-marseille.org\/wordpress\/la-communaute\/","title":{"rendered":"Les centres kadampa dans le monde"},"content":{"rendered":"<div class=\"wp-block-image\">\n<figure class=\"alignleft size-large is-resized\"><img loading=\"lazy\" decoding=\"async\" width=\"1024\" height=\"1024\" src=\"https:\/\/www.meditation-marseille.org\/wordpress\/wp-content\/uploads\/2025\/12\/002-4-1024x1024.webp\" alt=\"\" class=\"wp-image-7785\" style=\"width:251px;height:auto\" srcset=\"https:\/\/www.meditation-marseille.org\/wordpress\/wp-content\/uploads\/2025\/12\/002-4-1024x1024.webp 1024w, https:\/\/www.meditation-marseille.org\/wordpress\/wp-content\/uploads\/2025\/12\/002-4-300x300.webp 300w, https:\/\/www.meditation-marseille.org\/wordpress\/wp-content\/uploads\/2025\/12\/002-4-150x150.webp 150w, https:\/\/www.meditation-marseille.org\/wordpress\/wp-content\/uploads\/2025\/12\/002-4-768x768.webp 768w, https:\/\/www.meditation-marseille.org\/wordpress\/wp-content\/uploads\/2025\/12\/002-4-1536x1536.webp 1536w, https:\/\/www.meditation-marseille.org\/wordpress\/wp-content\/uploads\/2025\/12\/002-4.webp 1920w\" sizes=\"auto, (max-width: 1024px) 100vw, 1024px\" \/><\/figure>\n<\/div>\n\n\n<p>Avec environ 1300 centres et annexes \u00e0 travers le monde,&nbsp;des &nbsp;milliers de personnes pratiquent le&nbsp;bouddhisme &nbsp;kadampa, guid\u00e9es par&nbsp;<a title=\"V\u00e9n\u00e9rable Gu\u00e9sh\u00e9 Kelsang Gyatso\" href=\"http:\/\/www.meditation-marseille.org\/wordpress\/venerable-gueshe-kelsang-gyatso\/\">Gu\u00e9sh\u00e9&nbsp;Kelsang Gyatso<\/a>.<span style=\"font-weight: 300;\">&nbsp;La communaut\u00e9 kadampa de par le monde est comme une grande famille spirituelle, car elle nous offre soutien et encouragement tout au long de notre pratique spirituelle.&nbsp;<\/span>Il est tr\u00e8s difficile de faire des progr\u00e8s spirituels sans recevoir cette aide.<\/p>\n\n\n\n<p>Les pratiquants kadampas sont extr\u00eamement divers. Ils viennent de tous les milieux, de toutes les professions et de toutes les cultures religieuses possibles.Les diff\u00e9rents centres et festivals m\u00ealent sans difficult\u00e9 des gens de tous \u00e2ges.<\/p>\n\n\n\n<h2 class=\"wp-block-heading\"><span style=\"font-size: 14pt; color: #333333;\">Les autres centres Kadampa en France :<\/span><\/h2>\n\n\n\n<!DOCTYPE html>\n<html lang=\"fr\">\n<head>\n    <meta charset=\"UTF-8\">\n    <meta name=\"viewport\" content=\"width=device-width, initial-scale=1.0\">\n    <title>Carte des Centres Bouddhistes Kadampa France &#038; Outre-mer<\/title>\n    \n    <link rel=\"stylesheet\" href=\"https:\/\/unpkg.com\/leaflet@1.9.4\/dist\/leaflet.css\" \n    integrity=\"sha256-p4NxAoJBhIIN+hmNHrzRCf9tD\/miZyoHS5obTRR9BMY=\" crossorigin=\"\"\/>\n    \n    <script src=\"https:\/\/unpkg.com\/leaflet@1.9.4\/dist\/leaflet.js\" \n    integrity=\"sha256-20nQCchB9co0qIjJZRGuk2\/Z9VM+kNiyxNV1lvTlZBo=\" crossorigin=\"\"><\/script>\n\n    <style>\n        body { margin: 0; padding: 0; font-family: 'Segoe UI', Tahoma, Geneva, Verdana, sans-serif; }\n        #map { height: 100vh; width: 100%; }\n        \n        .leaflet-popup-content-wrapper {\n            border-radius: 8px;\n            box-shadow: 0 3px 14px rgba(0,0,0,0.4);\n        }\n        .center-popup h3 {\n            color: #d35400;\n            margin: 0 0 10px 0;\n            font-size: 16px;\n            border-bottom: 1px solid #eee;\n            padding-bottom: 5px;\n        }\n        .center-popup p {\n            margin: 5px 0;\n            font-size: 13px;\n            color: #555;\n            line-height: 1.4;\n        }\n        .center-popup a {\n            color: #2980b9;\n            text-decoration: none;\n            font-weight: bold;\n        }\n        .center-popup a:hover { text-decoration: underline; }\n    <\/style>\n<\/head>\n<body>\n\n    <div id=\"map\"><\/div>\n\n    <script>\n        \/\/ Initialisation centr\u00e9e sur la France M\u00e9tropolitaine\n        var map = L.map('map').setView([46.603354, 1.888334], 6);\n\n        L.tileLayer('https:\/\/{s}.tile.openstreetmap.org\/{z}\/{x}\/{y}.png', {\n            maxZoom: 19,\n            attribution: '\u00a9 OpenStreetMap contributors'\n        }).addTo(map);\n\n        \/\/ Donn\u00e9es des centres (France + Outre-mer)\n        var centres = [\n            \/\/ --- Centre National ---\n            {\n                nom: \"CMK France - Ch\u00e2teau de Segrais (Centre National)\",\n                lat: 47.869926, \n                lon: 0.315363,\n                adresse: \"Ch\u00e2teau de Segrais, 72220 Saint-Mars-d'Outill\u00e9\",\n                tel: \"02 43 87 71 02\",\n                site: \"http:\/\/kadampafrance.org\/\"\n            },\n            \/\/ --- Outre-mer ---\n            {\n                nom: \"Centre Bouddhiste Mahayana Kailash (Noum\u00e9a)\",\n                lat: -22.2612, \n                lon: 166.4485,\n                adresse: \"1 Rue Joliot-Curie, Vall\u00e9e du Tir, 98800 Noum\u00e9a\",\n                tel: \"+687 76 86 08\",\n                site: \"http:\/\/www.meditation.nc\"\n            },\n            \/\/ --- Centres R\u00e9gionaux ---\n            {\n                nom: \"Centre de M\u00e9ditation Kadampa Y\u00e9sh\u00e9 (Lille)\",\n                lat: 50.6236144, \n                lon: 3.0611339,\n                adresse: \"74 Rue d'Artois, 59000 Lille\",\n                tel: \"03 20 55 60 87\", \n                site: \"http:\/\/meditation-lille.org\"\n            },\n            {\n                nom: \"Centre Bouddhiste Kadampa Drolma (Rennes)\",\n                lat: 48.1133086, \n                lon: -1.6956019,\n                adresse: \"160 Rue de Brest, 35000 Rennes\",\n                tel: \"02 99 50 15 54\",\n                site: \"http:\/\/meditation-rennes.org\"\n            },\n            {\n                nom: \"Centre de M\u00e9ditation Kadampa Dharmachakra (Metz)\",\n                lat: 49.1019756, \n                lon: 6.1817882,\n                adresse: \"55 Rue Jacques Chirac, 57000 Metz\",\n                tel: \"07 49 49 99 82\",\n                site: \"http:\/\/www.meditation-metz.org\"\n            },\n            {\n                nom: \"Centre de M\u00e9ditation Kadampa Shakyamouni (Paris)\",\n                lat: 48.8800537, \n                lon: 2.3586028,\n                adresse: \"7 Rue de l'Aqueduc, 75010 Paris\",\n                tel: \"09 81 92 47 12\",\n                site: \"http:\/\/meditation-paris.org\"\n            },\n            {\n                nom: \"Centre de M\u00e9ditation Kadampa Toushita (Nantes)\",\n                lat: 47.2152672, \n                lon: -1.566593,\n                adresse: \"2 Rue Bertrand Geslin, 44000 Nantes\",\n                tel: \"09 82 60 49 55\",\n                site: \"http:\/\/www.meditation-nantes.org\"\n            },\n            {\n                nom: \"Annexe de Bordeaux (Vajravarahi)\",\n                lat: 44.8406383, \n                lon: -0.578721,\n                adresse: \"66 Rue de la Porte Dijeaux, 33000 Bordeaux\",\n                tel: \"05 61 53 74 34\",\n                site: \"http:\/\/www.meditation-bordeaux.org\/\"\n            },\n            {\n                nom: \"Centre Bouddhiste Kadampa Lamrim (Lyon)\",\n                lat: 45.7725161, \n                lon: 4.8045318,\n                adresse: \"1 Rue des Pr\u00e9s, 69009 Lyon\",\n                tel: \"06 59 03 23 12\",\n                site: \"http:\/\/meditation-lyon.org\"\n            },\n            {\n                nom: \"Centre de M\u00e9ditation Kadampa Vajrasattva (Montpellier)\",\n                lat: 43.6172638, \n                lon: 3.874221,\n                adresse: \"15 Rue du Faubourg Boutonnet, 34090 Montpellier\",\n                tel: \"09 53 33 27 42\",\n                site: \"http:\/\/meditation-montpellier.org\"\n            },\n            {\n                nom: \"Centre de M\u00e9ditation Kadampa Vajravarahi (Toulouse)\",\n                lat: 43.60193, \n                lon: 1.4483499,\n                adresse: \"6 Rue Alexandre Fourtanier, 31000 Toulouse\",\n                tel: \"05 61 53 74 34\",\n                site: \"https:\/\/meditation-toulouse.org\"\n            },\n            {\n                nom: \"Centre Bouddhiste Kadampa Menlha (Marseille)\",\n                lat: 43.2856389, \n                lon: 5.395237,\n                adresse: \"8 Place Pierre Roux, 13005 Marseille\",\n                tel: \"09 83 04 55 46\",\n                site: \"http:\/\/www.meditation-marseille.org\/\"\n            },\n            {\n                nom: \"Centre Bouddhiste Kadampa Tchakrasambara (Nice)\",\n                lat: 43.7037716, \n                lon: 7.2894825,\n                adresse: \"58 Bd G\u00e9n\u00e9ral Louis Delfino, 06300 Nice\",\n                tel: \"04 22 16 07 12\",\n                site: \"http:\/\/meditation-nice.org\"\n            }\n        ];\n\n        centres.forEach(function(centre) {\n            var marker = L.marker([centre.lat, centre.lon]).addTo(map);\n            var popupContent = `\n                <div class=\"center-popup\">\n                    <h3>${centre.nom}<\/h3>\n                    <p>\ud83d\udccd ${centre.adresse}<\/p>\n                    <p>\ud83d\udcde ${centre.tel}<\/p>\n                    <p>\ud83d\udd17 <a href=\"${centre.site}\" target=\"_blank\">Visiter le site web<\/a><\/p>\n                <\/div>\n            `;\n            marker.bindPopup(popupContent);\n        });\n    <\/script>\n<\/body>\n<\/html>\n\n\n\n<p class=\"has-text-align-left\"><\/p>\n\n\n\n<p class=\"has-text-align-left\"><a title=\"Autres centres Kadampa dans le monde\" href=\"http:\/\/kadampa.org\/fr\/centers\" target=\"_blank\"><b>Dans le monde<\/b><\/a><\/p>\n","protected":false},"excerpt":{"rendered":"<p>Avec environ 1300 centres et annexes \u00e0 travers le monde,&nbsp;des &nbsp;milliers de personnes pratiquent le&nbsp;bouddhisme &nbsp;kadampa, guid\u00e9es par&nbsp;Gu\u00e9sh\u00e9&nbsp;Kelsang Gyatso.&nbsp;La communaut\u00e9 kadampa de par le monde est comme une grande famille <a class=\"more-link\" href=\"https:\/\/www.meditation-marseille.org\/wordpress\/la-communaute\/\">Continue Reading &rarr;<\/a><\/p>\n","protected":false},"author":1,"featured_media":0,"parent":0,"menu_order":0,"comment_status":"closed","ping_status":"closed","template":"","meta":{"footnotes":""},"class_list":["post-8","page","type-page","status-publish","hentry"],"_links":{"self":[{"href":"https:\/\/www.meditation-marseille.org\/wordpress\/wp-json\/wp\/v2\/pages\/8","targetHints":{"allow":["GET"]}}],"collection":[{"href":"https:\/\/www.meditation-marseille.org\/wordpress\/wp-json\/wp\/v2\/pages"}],"about":[{"href":"https:\/\/www.meditation-marseille.org\/wordpress\/wp-json\/wp\/v2\/types\/page"}],"author":[{"embeddable":true,"href":"https:\/\/www.meditation-marseille.org\/wordpress\/wp-json\/wp\/v2\/users\/1"}],"replies":[{"embeddable":true,"href":"https:\/\/www.meditation-marseille.org\/wordpress\/wp-json\/wp\/v2\/comments?post=8"}],"version-history":[{"count":25,"href":"https:\/\/www.meditation-marseille.org\/wordpress\/wp-json\/wp\/v2\/pages\/8\/revisions"}],"predecessor-version":[{"id":7868,"href":"https:\/\/www.meditation-marseille.org\/wordpress\/wp-json\/wp\/v2\/pages\/8\/revisions\/7868"}],"wp:attachment":[{"href":"https:\/\/www.meditation-marseille.org\/wordpress\/wp-json\/wp\/v2\/media?parent=8"}],"curies":[{"name":"wp","href":"https:\/\/api.w.org\/{rel}","templated":true}]}}