{"id":73,"date":"2014-01-19T11:09:24","date_gmt":"2014-01-19T10:09:24","guid":{"rendered":"http:\/\/wp.meditation-marseille.org\/?page_id=73"},"modified":"2018-11-13T23:00:31","modified_gmt":"2018-11-13T22:00:31","slug":"venerable-gueshe-kelsang-gyatso","status":"publish","type":"page","link":"https:\/\/www.meditation-marseille.org\/wordpress\/venerable-gueshe-kelsang-gyatso\/","title":{"rendered":"V\u00e9n\u00e9rable Gu\u00e9sh\u00e9 Kelsang Gyatso"},"content":{"rendered":"<p style=\"text-align: justify;\"><strong>V\u00e9n\u00e9rable Gu\u00e9sh\u00e9 Kelsang Gyatso<\/strong> est le fondateur de la Nouvelle Tradition Kadampa et le principal responsable du renouveau mondial du bouddhisme kadampa \u00e0 notre \u00e9poque.<\/p>\n<p><iframe loading=\"lazy\" src=\"https:\/\/www.youtube.com\/embed\/toXu7fRhsZ0\" width=\"560\" height=\"315\" frameborder=\"0\" allowfullscreen=\"allowfullscreen\"><\/iframe><\/p>\n<p style=\"text-align: justify;\">N\u00e9 au Tibet en 1<img loading=\"lazy\" decoding=\"async\" class=\"wp-image-1367 alignright\" style=\"border: 0px;\" src=\"http:\/\/www.meditation-marseille.org\/wordpress\/wp-content\/uploads\/2014\/01\/geshe-la.jpg\" alt=\"geshe-la\" width=\"224\" height=\"303\" \/>931, il prend l\u2019ordination \u00e0 l\u2019\u00e2ge de 8 ans et \u00e9tudie pendant 20 ans dans\u00a0les\u00a0grandes universit\u00e9s monastiques du Tibet. Il obtient le titre de Gu\u00e9sh\u00e9 sous la tutelle de son guide spirituel Kyabj\u00e9 Trijang Rinpoch\u00e9 puis s\u2019engage pendant 18 ans dans une s\u00e9rie de retraites approfondies dans diff\u00e9rents endroits de l\u2019Himalaya et du nord de l\u2019Inde.<\/p>\n<p style=\"text-align: justify;\">En 1977 il est invit\u00e9 au Centre Mandjoushri en Angleterre. Avec le consentement de son guide spirituel, il y enseigne le bouddhisme kadampa pr\u00e9sent\u00e9 de mani\u00e8re nouvelle et adapt\u00e9e au monde moderne. En 1991 il fonde la Nouvelle Tradition Kadampa qui compte aujourd\u2019hui des centaines de centres dans le monde.<\/p>\n<p style=\"text-align: justify;\">Gu\u00e9sh\u00e9 Kelsang Gyatso a transmis son savoir et son exp\u00e9rience aux personnes de notre monde moderne. Il a donn\u00e9 des milliers d\u2019enseignements\u00a0; r\u00e9dig\u00e9 des livres remarquables expliquant clairement la pens\u00e9e bouddhiste et la m\u00e9ditation\u00a0; mis en place trois programmes d\u2019\u00e9tudes uniques ; cr\u00e9\u00e9 plus de 1000 centres et annexes \u00e0 travers le monde ; form\u00e9 des enseignants qualifi\u00e9s ; rassembl\u00e9 une communaut\u00e9 florissante de personnes ordonn\u00e9es et \u00e9tabli le projet de construction de temples bouddhistes d\u00e9di\u00e9s \u00e0 la paix dans chacune des grandes villes de ce monde.<\/p>\n<blockquote>\n<p style=\"text-align: center;\">\u00ab Sans paix int\u00e9rieure, la paix ext\u00e9rieure est impossible. \u00bb<br \/>\nV\u00e9n\u00e9rable Gu\u00e9sh\u00e9 Kelsang Gyatso &#8211; Transformez votre vie<\/p>\n<\/blockquote>\n<p style=\"text-align: justify;\"><img loading=\"lazy\" decoding=\"async\" class=\"alignleft\" style=\"border: 0px;\" title=\"V\u00e9n\u00e9rable Gu\u00e9sh\u00e9 Kelsang Gyatso\" src=\"http:\/\/www.meditation-marseille.org\/images\/71.jpg\" alt=\"V\u00e9n\u00e9rable Gu\u00e9sh\u00e9 Kelsang Gyatso\" width=\"250\" height=\"188\" \/><\/p>\n<p style=\"text-align: justify;\">Gu\u00e9sh\u00e9 Kelsang Gyatso est un ma\u00eetre de m\u00e9ditation bouddhiste contemporain connu dans le monde entier pour avoir introduit la voie de la sagesse et de la compassion dans la soci\u00e9t\u00e9 moderne. Cette voie sp\u00e9ciale aide des milliers de personnes de tous les continents \u00e0 trouver de l\u2019espoir et un sens \u00e0 leur vie.<\/p>\n<p style=\"text-align: justify;\">A travers plus de 30 ann\u00e9es d\u2019enseignements, ses 23 livres et autres textes faisant autorit\u00e9 et l\u2019\u00e9tablissement d\u2019un r\u00e9seau mondial de plusieurs centaines de temples et de centres de m\u00e9ditation, Gu\u00e9sh\u00e9 Kelsang nous donne acc\u00e8s aux enseignements extr\u00eamement pratiques de Bouddha sous une forme que nous pouvons facilement comprendre et pratiquer dans nos vies modernes et actives.<\/p>\n<p style=\"text-align: justify;\">V\u00e9n\u00e9rable Gu\u00e9sh\u00e9 Kelsang Gyatso enseigne que tous les probl\u00e8mes auxquels nous sommes confront\u00e9s dans le monde proviennent de l\u2019esprit et que la seule fa\u00e7on de les r\u00e9soudre et de trouver le vrai bonheur, \u00e0 la fois pour nous-m\u00eames et pour la soci\u00e9t\u00e9 dans son ensemble, est d\u2019apprendre \u00e0 am\u00e9liorer notre esprit.<\/p>\n","protected":false},"excerpt":{"rendered":"<p>V\u00e9n\u00e9rable Gu\u00e9sh\u00e9 Kelsang Gyatso est le fondateur de la Nouvelle Tradition Kadampa et le principal responsable du renouveau mondial du bouddhisme kadampa \u00e0 notre \u00e9poque. N\u00e9 au Tibet en 1931, <a class=\"more-link\" href=\"https:\/\/www.meditation-marseille.org\/wordpress\/venerable-gueshe-kelsang-gyatso\/\">Continue Reading &rarr;<\/a><\/p>\n","protected":false},"author":1,"featured_media":0,"parent":0,"menu_order":0,"comment_status":"closed","ping_status":"closed","template":"","meta":{"footnotes":""},"class_list":["post-73","page","type-page","status-publish","hentry"],"_links":{"self":[{"href":"https:\/\/www.meditation-marseille.org\/wordpress\/wp-json\/wp\/v2\/pages\/73","targetHints":{"allow":["GET"]}}],"collection":[{"href":"https:\/\/www.meditation-marseille.org\/wordpress\/wp-json\/wp\/v2\/pages"}],"about":[{"href":"https:\/\/www.meditation-marseille.org\/wordpress\/wp-json\/wp\/v2\/types\/page"}],"author":[{"embeddable":true,"href":"https:\/\/www.meditation-marseille.org\/wordpress\/wp-json\/wp\/v2\/users\/1"}],"replies":[{"embeddable":true,"href":"https:\/\/www.meditation-marseille.org\/wordpress\/wp-json\/wp\/v2\/comments?post=73"}],"version-history":[{"count":10,"href":"https:\/\/www.meditation-marseille.org\/wordpress\/wp-json\/wp\/v2\/pages\/73\/revisions"}],"predecessor-version":[{"id":207,"href":"https:\/\/www.meditation-marseille.org\/wordpress\/wp-json\/wp\/v2\/pages\/73\/revisions\/207"}],"wp:attachment":[{"href":"https:\/\/www.meditation-marseille.org\/wordpress\/wp-json\/wp\/v2\/media?parent=73"}],"curies":[{"name":"wp","href":"https:\/\/api.w.org\/{rel}","templated":true}]}}