{"id":58,"date":"2014-01-19T10:56:19","date_gmt":"2014-01-19T09:56:19","guid":{"rendered":"http:\/\/wp.meditation-marseille.org\/?page_id=58"},"modified":"2017-10-01T21:58:15","modified_gmt":"2017-10-01T19:58:15","slug":"quest-ce-que-le-dharma","status":"publish","type":"page","link":"https:\/\/www.meditation-marseille.org\/wordpress\/quest-ce-que-le-dharma\/","title":{"rendered":"Qu&rsquo;est-ce que le dharma ?"},"content":{"rendered":"<p style=\"text-align: justify;\"><img loading=\"lazy\" decoding=\"async\" class=\"alignleft wp-image-2433 \" style=\"border: 0px;\" src=\"http:\/\/www.meditation-marseille.org\/wordpress\/wp-content\/uploads\/2014\/01\/Dharma-wheel.jpg\" alt=\"\" width=\"248\" height=\"222\" srcset=\"https:\/\/www.meditation-marseille.org\/wordpress\/wp-content\/uploads\/2014\/01\/Dharma-wheel.jpg 564w, https:\/\/www.meditation-marseille.org\/wordpress\/wp-content\/uploads\/2014\/01\/Dharma-wheel-300x267.jpg 300w\" sizes=\"auto, (max-width: 248px) 100vw, 248px\" \/>C&rsquo;est le nom donn\u00e9 aux enseignements de Bouddha. Dharma signifie \u00ab protection \u00bb. En pratiquant les enseignements de Bouddha, nous nous prot\u00e9geons contre la souffrance et les probl\u00e8mes. Toutes les difficult\u00e9s rencontr\u00e9es dans notre vie quotidienne ont l&rsquo;ignorance pour origine, et la m\u00e9thode pour \u00e9liminer l&rsquo;ignorance est la pratique du dharma.<\/p>\n<p style=\"text-align: justify;\">Pratiquer le dharma est la m\u00e9thode supr\u00eame pour am\u00e9liorer la qualit\u00e9 de notre vie humaine. La qualit\u00e9 de la vie ne d\u00e9pend pas du d\u00e9veloppement ext\u00e9rieur ou du progr\u00e8s mat\u00e9riel, mais du d\u00e9veloppement int\u00e9rieur de la paix et du bonheur.<\/p>\n<p style=\"text-align: justify;\">Autrefois par exemple, de nombreux bouddhistes vivaient dans des pays pauvres et sous-d\u00e9velopp\u00e9s, mais ils ont pu trouver un bonheur pur et durable en pratiquant ce que Bouddha a enseign\u00e9.<\/p>\n<p style=\"text-align: justify;\">Si nous int\u00e9grons les enseignements de Bouddha dans notre vie de tous les jours, nous pourrons r\u00e9soudre tous nos probl\u00e8mes int\u00e9rieurs et avoir v\u00e9ritablement un esprit en paix. Sans paix int\u00e9rieure, la paix ext\u00e9rieure est impossible.<\/p>\n<p style=\"text-align: justify;\">Si nous \u00e9tablissons d\u2019abord la paix dans notre esprit en nous entra\u00eenant aux voies spirituelles, la paix ext\u00e9rieure viendra naturellement, mais si nous ne le faisons pas, le monde ne conna\u00eetra jamais la paix, quel que soit le nombre de personnes qui militent en sa faveur.<\/p>\n","protected":false},"excerpt":{"rendered":"<p>C&rsquo;est le nom donn\u00e9 aux enseignements de Bouddha. Dharma signifie \u00ab protection \u00bb. En pratiquant les enseignements de Bouddha, nous nous prot\u00e9geons contre la souffrance et les probl\u00e8mes. Toutes les <a class=\"more-link\" href=\"https:\/\/www.meditation-marseille.org\/wordpress\/quest-ce-que-le-dharma\/\">Continue Reading &rarr;<\/a><\/p>\n","protected":false},"author":1,"featured_media":0,"parent":0,"menu_order":0,"comment_status":"closed","ping_status":"closed","template":"","meta":{"footnotes":""},"class_list":["post-58","page","type-page","status-publish","hentry"],"_links":{"self":[{"href":"https:\/\/www.meditation-marseille.org\/wordpress\/wp-json\/wp\/v2\/pages\/58","targetHints":{"allow":["GET"]}}],"collection":[{"href":"https:\/\/www.meditation-marseille.org\/wordpress\/wp-json\/wp\/v2\/pages"}],"about":[{"href":"https:\/\/www.meditation-marseille.org\/wordpress\/wp-json\/wp\/v2\/types\/page"}],"author":[{"embeddable":true,"href":"https:\/\/www.meditation-marseille.org\/wordpress\/wp-json\/wp\/v2\/users\/1"}],"replies":[{"embeddable":true,"href":"https:\/\/www.meditation-marseille.org\/wordpress\/wp-json\/wp\/v2\/comments?post=58"}],"version-history":[{"count":8,"href":"https:\/\/www.meditation-marseille.org\/wordpress\/wp-json\/wp\/v2\/pages\/58\/revisions"}],"predecessor-version":[{"id":2435,"href":"https:\/\/www.meditation-marseille.org\/wordpress\/wp-json\/wp\/v2\/pages\/58\/revisions\/2435"}],"wp:attachment":[{"href":"https:\/\/www.meditation-marseille.org\/wordpress\/wp-json\/wp\/v2\/media?parent=58"}],"curies":[{"name":"wp","href":"https:\/\/api.w.org\/{rel}","templated":true}]}}