{"id":5504,"date":"2022-05-27T12:28:58","date_gmt":"2022-05-27T10:28:58","guid":{"rendered":"http:\/\/www.meditation-marseille.org\/wordpress\/?page_id=5504"},"modified":"2025-12-05T20:51:01","modified_gmt":"2025-12-05T19:51:01","slug":"festival-intenational-de-printemps","status":"publish","type":"page","link":"https:\/\/www.meditation-marseille.org\/wordpress\/festival-intenational-de-printemps\/","title":{"rendered":"Festival international de printemps"},"content":{"rendered":"\n<h4 class=\"wp-block-heading\">Du 22 au 27 mai 2026 au Centre de M\u00e9ditation Kadampa Mandjoushri en Angleterre <\/h4>\n\n\n\n<figure class=\"wp-block-image size-large\"><a href=\"https:\/\/kadampafestivals.org\/fr\/printemps\"><img loading=\"lazy\" decoding=\"async\" width=\"1024\" height=\"427\" src=\"https:\/\/www.meditation-marseille.org\/wordpress\/wp-content\/uploads\/2025\/12\/FR-Spring-2026-Festival-Banners-ENG-Pop-Under-2160x900-1-1024x427.png\" alt=\"\" class=\"wp-image-7741\" srcset=\"https:\/\/www.meditation-marseille.org\/wordpress\/wp-content\/uploads\/2025\/12\/FR-Spring-2026-Festival-Banners-ENG-Pop-Under-2160x900-1-1024x427.png 1024w, https:\/\/www.meditation-marseille.org\/wordpress\/wp-content\/uploads\/2025\/12\/FR-Spring-2026-Festival-Banners-ENG-Pop-Under-2160x900-1-300x125.png 300w, https:\/\/www.meditation-marseille.org\/wordpress\/wp-content\/uploads\/2025\/12\/FR-Spring-2026-Festival-Banners-ENG-Pop-Under-2160x900-1-768x320.png 768w, https:\/\/www.meditation-marseille.org\/wordpress\/wp-content\/uploads\/2025\/12\/FR-Spring-2026-Festival-Banners-ENG-Pop-Under-2160x900-1-1536x640.png 1536w, https:\/\/www.meditation-marseille.org\/wordpress\/wp-content\/uploads\/2025\/12\/FR-Spring-2026-Festival-Banners-ENG-Pop-Under-2160x900-1.png 2048w\" sizes=\"auto, (max-width: 1024px) 100vw, 1024px\" \/><\/a><\/figure>\n\n\n\n<div style=\"height:25px\" aria-hidden=\"true\" class=\"wp-block-spacer\"><\/div>\n\n\n\n<div class=\"wp-block-buttons is-layout-flex wp-block-buttons-is-layout-flex\">\n<div class=\"wp-block-button\"><a class=\"wp-block-button__link wp-element-button\">Inscription \u00e0 venir<\/a><\/div>\n<\/div>\n\n\n\n<div style=\"height:23px\" aria-hidden=\"true\" class=\"wp-block-spacer\"><\/div>\n\n\n\n<h5 class=\"wp-block-heading has-text-color has-link-color wp-elements-f616b2c4b1e40d1b12d47ecb44512b91\" style=\"color:#1b5f87\">TRANSMISSION DE POUVOIR DE BOUDDHA AMITAYOUS<br>ET ENSEIGNEMENTS SUR LES HUIT VERSETS DE L&rsquo;ENTRAINEMENT DE L&rsquo;ESPRIT<\/h5>\n\n\n\n<p><\/p>\n\n\n<div class=\"wp-block-image\">\n<figure class=\"alignright size-full is-resized\"><img loading=\"lazy\" decoding=\"async\" width=\"1363\" height=\"1280\" src=\"https:\/\/www.meditation-marseille.org\/wordpress\/wp-content\/uploads\/2025\/12\/452292300_886618713500018_2371727469877640087_n-Copie.jpg\" alt=\"\" class=\"wp-image-7743\" style=\"width:333px;height:auto\" srcset=\"https:\/\/www.meditation-marseille.org\/wordpress\/wp-content\/uploads\/2025\/12\/452292300_886618713500018_2371727469877640087_n-Copie.jpg 1363w, https:\/\/www.meditation-marseille.org\/wordpress\/wp-content\/uploads\/2025\/12\/452292300_886618713500018_2371727469877640087_n-Copie-300x282.jpg 300w, https:\/\/www.meditation-marseille.org\/wordpress\/wp-content\/uploads\/2025\/12\/452292300_886618713500018_2371727469877640087_n-Copie-1024x962.jpg 1024w, https:\/\/www.meditation-marseille.org\/wordpress\/wp-content\/uploads\/2025\/12\/452292300_886618713500018_2371727469877640087_n-Copie-768x721.jpg 768w\" sizes=\"auto, (max-width: 1363px) 100vw, 1363px\" \/><\/figure>\n<\/div>\n\n\n<p>\u2666 Gr\u00e2ce \u00e0 cette transmission de pouvoir nous recevrons les b\u00e9n\u00e9dictions sp\u00e9ciales d&rsquo;Amitayous, le Bouddha de la longue vie, de la sagesse et du m\u00e9rite.<br>Puis, se basant sur les Huit Versets de l&rsquo;Entrainement de l&rsquo;Esprit, Gu\u00e8n-la Khyenrab expliquera comment nous pouvons transformer tous les probl\u00e8mes et difficult\u00e9s de notre vie quotidienne en opportunit\u00e9s pour d\u00e9velopper un amour et une compassion authentiques, et pour trouver un v\u00e9ritable bonheur durable.<br>\u00a0\u00bb Si tout le monde se pr\u00e9occupait du bonheur des autres, la plupart des probl\u00e8mes majeurs de ce monde seraient r\u00e9solus en quelques ann\u00e9es \u00ab\u00a0.<br>V\u00e9n\u00e9rable Gu\u00e9sh\u00e9 Kelsang Gyatso Rinpotch\u00e9, Huit Etapes vers le Bonheur<\/p>\n\n\n\n<p><\/p>\n\n\n\n<h4 class=\"wp-block-heading\">Qui peut participer ?<\/h4>\n\n\n\n<ul class=\"wp-block-list\">\n<li>Cet \u00e9v\u00e9nement est ouvert et accessible \u00e0 tous : il n\u2019est pas n\u00e9cessaire d\u2019avoir d\u00e9j\u00e0 pratiqu\u00e9 la m\u00e9ditation, d\u2019avoir d\u00e9j\u00e0 re\u00e7u des enseignements, ni d\u2019\u00eatre bouddhiste pour y assister.<\/li>\n\n\n\n<li>Si vous avez des questions, n\u2019h\u00e9sitez pas \u00e0 nous contacter.<\/li>\n<\/ul>\n\n\n\n<p><\/p>\n\n\n\n<h4 class=\"wp-block-heading\">Participation en streaming<\/h4>\n\n\n<div class=\"wp-block-image\">\n<figure class=\"alignleft size-full is-resized\"><img loading=\"lazy\" decoding=\"async\" width=\"796\" height=\"595\" src=\"https:\/\/www.meditation-marseille.org\/wordpress\/wp-content\/uploads\/2025\/09\/Streaming.png\" alt=\"\" class=\"wp-image-7580\" style=\"width:299px;height:auto\" srcset=\"https:\/\/www.meditation-marseille.org\/wordpress\/wp-content\/uploads\/2025\/09\/Streaming.png 796w, https:\/\/www.meditation-marseille.org\/wordpress\/wp-content\/uploads\/2025\/09\/Streaming-300x224.png 300w, https:\/\/www.meditation-marseille.org\/wordpress\/wp-content\/uploads\/2025\/09\/Streaming-768x574.png 768w\" sizes=\"auto, (max-width: 796px) 100vw, 796px\" \/><\/figure>\n<\/div>\n\n\n<ul class=\"wp-block-list\">\n<li>L&rsquo;int\u00e9gralit\u00e9 du festival est accessible en streaming.<\/li>\n\n\n\n<li>Pour ceux qui ont r\u00e9serv\u00e9 leur participation en ligne, chaque enseignement et s\u00e9ance de m\u00e9ditation sera disponible en direct selon le programme du festival et en vid\u00e9o \u00e0 la demande peu apr\u00e8s la fin de la s\u00e9ance en direct.<\/li>\n\n\n\n<li>Traduction : le festival sera donn\u00e9 en anglais et les vid\u00e9os comprendront l&rsquo;option d&rsquo;\u00e9couter les enseignements en fran\u00e7ais.<\/li>\n<\/ul>\n\n\n\n<p><\/p>\n\n\n\n<h4 class=\"wp-block-heading\">Qui va animer ce festival ?<\/h4>\n\n\n<div class=\"wp-block-image\">\n<figure class=\"alignright size-full is-resized\"><img loading=\"lazy\" decoding=\"async\" width=\"1365\" height=\"1365\" src=\"https:\/\/www.meditation-marseille.org\/wordpress\/wp-content\/uploads\/2025\/12\/Guen-la-Kelsang-Khyenrab.jpg\" alt=\"\" class=\"wp-image-7744\" style=\"width:237px;height:auto\" srcset=\"https:\/\/www.meditation-marseille.org\/wordpress\/wp-content\/uploads\/2025\/12\/Guen-la-Kelsang-Khyenrab.jpg 1365w, https:\/\/www.meditation-marseille.org\/wordpress\/wp-content\/uploads\/2025\/12\/Guen-la-Kelsang-Khyenrab-300x300.jpg 300w, https:\/\/www.meditation-marseille.org\/wordpress\/wp-content\/uploads\/2025\/12\/Guen-la-Kelsang-Khyenrab-1024x1024.jpg 1024w, https:\/\/www.meditation-marseille.org\/wordpress\/wp-content\/uploads\/2025\/12\/Guen-la-Kelsang-Khyenrab-150x150.jpg 150w, https:\/\/www.meditation-marseille.org\/wordpress\/wp-content\/uploads\/2025\/12\/Guen-la-Kelsang-Khyenrab-768x768.jpg 768w\" sizes=\"auto, (max-width: 1365px) 100vw, 1365px\" \/><\/figure>\n<\/div>\n\n\n<p><strong><strong>Gu\u00e8n-la Kelsang Khyenrab<\/strong><\/strong>, ancien directeur spirituel g\u00e9n\u00e9ral de la NKT-IKBU, a \u00e9tudi\u00e9 aupr\u00e8s du v\u00e9n\u00e9rable Gu\u00e9sh\u00e9 Kelsang Gyatso Rinpoch\u00e9 pendant plus de quarante ans. Son humilit\u00e9 et son exemple de puret\u00e9 t\u00e9moignent de sa longue confiance en son guide spirituel.<\/p>\n\n\n\n<p>Ma\u00eetre de renomm\u00e9e internationale, il est admir\u00e9 pour sa sinc\u00e9rit\u00e9 et son enseignement puissant. Il est \u00e9galement reconnu pour sa sagesse, sa profonde compr\u00e9hension des enseignements du Bouddha et son exemple de compassion et de bienveillance.<\/p>\n","protected":false},"excerpt":{"rendered":"<p>Du 22 au 27 mai 2026 au Centre de M\u00e9ditation Kadampa Mandjoushri en Angleterre TRANSMISSION DE POUVOIR DE BOUDDHA AMITAYOUSET ENSEIGNEMENTS SUR LES HUIT VERSETS DE L&rsquo;ENTRAINEMENT DE L&rsquo;ESPRIT \u2666 <a class=\"more-link\" href=\"https:\/\/www.meditation-marseille.org\/wordpress\/festival-intenational-de-printemps\/\">Continue Reading &rarr;<\/a><\/p>\n","protected":false},"author":1,"featured_media":0,"parent":0,"menu_order":0,"comment_status":"closed","ping_status":"closed","template":"","meta":{"footnotes":""},"class_list":["post-5504","page","type-page","status-publish","hentry"],"_links":{"self":[{"href":"https:\/\/www.meditation-marseille.org\/wordpress\/wp-json\/wp\/v2\/pages\/5504","targetHints":{"allow":["GET"]}}],"collection":[{"href":"https:\/\/www.meditation-marseille.org\/wordpress\/wp-json\/wp\/v2\/pages"}],"about":[{"href":"https:\/\/www.meditation-marseille.org\/wordpress\/wp-json\/wp\/v2\/types\/page"}],"author":[{"embeddable":true,"href":"https:\/\/www.meditation-marseille.org\/wordpress\/wp-json\/wp\/v2\/users\/1"}],"replies":[{"embeddable":true,"href":"https:\/\/www.meditation-marseille.org\/wordpress\/wp-json\/wp\/v2\/comments?post=5504"}],"version-history":[{"count":13,"href":"https:\/\/www.meditation-marseille.org\/wordpress\/wp-json\/wp\/v2\/pages\/5504\/revisions"}],"predecessor-version":[{"id":7772,"href":"https:\/\/www.meditation-marseille.org\/wordpress\/wp-json\/wp\/v2\/pages\/5504\/revisions\/7772"}],"wp:attachment":[{"href":"https:\/\/www.meditation-marseille.org\/wordpress\/wp-json\/wp\/v2\/media?parent=5504"}],"curies":[{"name":"wp","href":"https:\/\/api.w.org\/{rel}","templated":true}]}}