{"id":5029,"date":"2021-03-15T21:34:59","date_gmt":"2021-03-15T20:34:59","guid":{"rendered":"http:\/\/www.meditation-marseille.org\/wordpress\/?page_id=5029"},"modified":"2023-10-16T10:30:01","modified_gmt":"2023-10-16T08:30:01","slug":"celebration-du-dharma-au-cmk-france-2","status":"publish","type":"page","link":"https:\/\/www.meditation-marseille.org\/wordpress\/celebration-du-dharma-au-cmk-france-2\/","title":{"rendered":"C\u00e9l\u00e9bration du Dharma 2023 au CMK France"},"content":{"rendered":"<h2 style=\"font-weight: bold; color: #2a598c;\"><span style=\"font-size: 14pt;\"><span style=\"font-size: 12pt;\">Du vendredi 1 au\u00a04\u00a0d\u00e9cembre 2023<\/span><br \/>\n<\/span><\/h2>\n<h1 style=\"font-weight: normal; color: #4e4e4e;\"><span style=\"font-size: 14pt;\"><span style=\"font-size: 18pt;\">Transmission des b\u00e9n\u00e9dictions de Bouddha Shakyamouni\u00a0<\/span><\/span><\/h1>\n<p style=\"text-align: justify;\"><a href=\"https:\/\/kadampafrance.org\/enseignement\/celebration-dharma-2022-donner-a-sa-vie-humaine-son-veritable-sens\/\" target=\"_blank\"><img loading=\"lazy\" decoding=\"async\" class=\"alignnone wp-image-6169 size-large\" src=\"http:\/\/www.meditation-marseille.org\/wordpress\/wp-content\/uploads\/2023\/10\/cdf-1024x858.jpg\" alt=\"\" width=\"754\" height=\"631\" \/><\/a><\/p>\n<p style=\"color: #3a3a3a;\"><span style=\"font-weight: 400;\">Lors de cet \u00e9v\u00e9nement, Gu\u00e8n Kelsang Eupam\u00e9 va nous offrir une exp\u00e9rience exceptionnelle\u00a0: la transmission des b\u00e9n\u00e9dictions de Bouddha Shakyamouni, suivie de pr\u00e9cieux enseignements. Une \u00ab\u00a0transmission de b\u00e9n\u00e9dictions\u00a0\u00bb, \u00e9galement connue sous le nom de \u00ab\u00a0transmission de pouvoir\u00a0\u00bb, est une c\u00e9r\u00e9monie rituelle au cours de laquelle nous recevons les b\u00e9n\u00e9dictions sp\u00e9ciales d\u2019un bouddha. Ces b\u00e9n\u00e9dictions ont le pouvoir de gu\u00e9rir notre esprit et de nous aider \u00e0 d\u00e9velopper les qualit\u00e9s de compassion et de sagesse.\u00a0<\/span><\/p>\n<p style=\"text-align: justify;\">\n<p style=\"color: #3a3a3a;\"><span style=\"font-weight: 400;\">Bouddha Shakyamouni, le fondateur du bouddhisme dans ce monde, est l\u2019objet de refuge principal pour tous les bouddhistes. En g\u00e9n\u00e9ral, le terme \u00ab\u00a0bouddha\u00a0\u00bb signifie \u00ab\u00a0\u00eatre \u00e9veill\u00e9\u00a0\u00bb, quelqu\u2019un qui s\u2019est \u00e9veill\u00e9 du sommeil de l\u2019ignorance pour percevoir la r\u00e9alit\u00e9 telle qu\u2019elle est. Un bouddha est totalement lib\u00e9r\u00e9 de toutes les imperfections et des obstacles mentaux. Chaque \u00eatre vivant a le potentiel de devenir un bouddha.<\/span><\/p>\n<p style=\"text-align: justify;\">\n<p style=\"color: #3a3a3a;\"><span style=\"font-weight: 400;\">Nous recevrons de Gu\u00e8n Kelsang Eupam\u00e9 la transmission des b\u00e9n\u00e9dictions de Bouddha Shakyamouni, puis il nous partagera des enseignements pr\u00e9cieux qui nous aideront \u00e0 d\u00e9velopper ce potentiel en nous, de mani\u00e8re \u00e0 devenir un \u00eatre pur, \u00e0 l\u2019image de Bouddha, capable d\u2019offrir un refuge ultime contre la souffrance \u00e0 tous les \u00eatres vivants.<\/span><\/p>\n<p style=\"text-align: justify;\">\n<p style=\"color: #3a3a3a;\"><span style=\"font-weight: bold;\">En raison des contraintes de mise en conformit\u00e9 des b\u00e2timents du CMK France, la c\u00e9l\u00e9bration du dharma 2023 est organis\u00e9e sous un format r\u00e9duit (accueil, h\u00e9bergement et restauration). Cette contrainte sera compens\u00e9e par une retransmission en streaming.<\/span><\/p>\n<p style=\"text-align: justify;\"><strong style=\"text-align: justify;\">Gu\u00e8n Kelsang Eupam\u00e9<\/strong><span style=\"text-align: justify;\">, moine bouddhiste depuis plus de 19 ans, est l&rsquo;enseignant principal du <a href=\"http:\/\/www.kadampafrance.org\/\">Centre de M\u00e9ditation Kadampa France<\/a><a href=\"http:\/\/www.kadampafrance.org\/\"><img loading=\"lazy\" decoding=\"async\" class=\"alignright wp-image-6170 size-thumbnail\" src=\"http:\/\/www.meditation-marseille.org\/wordpress\/wp-content\/uploads\/2021\/03\/enseignant-eupame-150x150.jpg\" alt=\"\" width=\"150\" height=\"150\" srcset=\"https:\/\/www.meditation-marseille.org\/wordpress\/wp-content\/uploads\/2021\/03\/enseignant-eupame-150x150.jpg 150w, https:\/\/www.meditation-marseille.org\/wordpress\/wp-content\/uploads\/2021\/03\/enseignant-eupame-300x300.jpg 300w, https:\/\/www.meditation-marseille.org\/wordpress\/wp-content\/uploads\/2021\/03\/enseignant-eupame.jpg 400w\" sizes=\"auto, (max-width: 150px) 100vw, 150px\" \/><\/a> et le directeur spirituel national de la Nouvelle Tradition Kadampa en France. Il nous montre avec bon c\u0153ur comment utiliser de mani\u00e8re pratique la sagesse des enseignements de Bouddha dans notre vie moderne.<\/span><\/p>\n<p><a href=\"https:\/\/kadampafrance.org\/enseignement\/celebration-du-dharma-2023-la-beaute-dun-esprit-qui-seleve-2\/?utm_source=brevo&amp;utm_campaign=Clbration%20du%20Dharma%202023%20%20ouverture%20des%20inscriptions&amp;utm_medium=email\" target=\"_blank\">Infos et inscription.<\/a><\/p>\n<p><a title=\"Le Centre de M\u00e9ditation Kadampa France\" href=\"https:\/\/kadampafrance.org\/\">Plus d&rsquo;informations sur le CMK France&#8230;<\/a><\/p>\n","protected":false},"excerpt":{"rendered":"<p>Du vendredi 1 au\u00a04\u00a0d\u00e9cembre 2023 Transmission des b\u00e9n\u00e9dictions de Bouddha Shakyamouni\u00a0 Lors de cet \u00e9v\u00e9nement, Gu\u00e8n Kelsang Eupam\u00e9 va nous offrir une exp\u00e9rience exceptionnelle\u00a0: la transmission des b\u00e9n\u00e9dictions de Bouddha <a class=\"more-link\" href=\"https:\/\/www.meditation-marseille.org\/wordpress\/celebration-du-dharma-au-cmk-france-2\/\">Continue Reading &rarr;<\/a><\/p>\n","protected":false},"author":1,"featured_media":0,"parent":0,"menu_order":0,"comment_status":"closed","ping_status":"closed","template":"","meta":{"footnotes":""},"class_list":["post-5029","page","type-page","status-publish","hentry"],"_links":{"self":[{"href":"https:\/\/www.meditation-marseille.org\/wordpress\/wp-json\/wp\/v2\/pages\/5029","targetHints":{"allow":["GET"]}}],"collection":[{"href":"https:\/\/www.meditation-marseille.org\/wordpress\/wp-json\/wp\/v2\/pages"}],"about":[{"href":"https:\/\/www.meditation-marseille.org\/wordpress\/wp-json\/wp\/v2\/types\/page"}],"author":[{"embeddable":true,"href":"https:\/\/www.meditation-marseille.org\/wordpress\/wp-json\/wp\/v2\/users\/1"}],"replies":[{"embeddable":true,"href":"https:\/\/www.meditation-marseille.org\/wordpress\/wp-json\/wp\/v2\/comments?post=5029"}],"version-history":[{"count":3,"href":"https:\/\/www.meditation-marseille.org\/wordpress\/wp-json\/wp\/v2\/pages\/5029\/revisions"}],"predecessor-version":[{"id":6171,"href":"https:\/\/www.meditation-marseille.org\/wordpress\/wp-json\/wp\/v2\/pages\/5029\/revisions\/6171"}],"wp:attachment":[{"href":"https:\/\/www.meditation-marseille.org\/wordpress\/wp-json\/wp\/v2\/media?parent=5029"}],"curies":[{"name":"wp","href":"https:\/\/api.w.org\/{rel}","templated":true}]}}