{"id":45,"date":"2014-01-19T10:50:48","date_gmt":"2014-01-19T09:50:48","guid":{"rendered":"http:\/\/wp.meditation-marseille.org\/?page_id=45"},"modified":"2026-03-21T22:46:32","modified_gmt":"2026-03-21T21:46:32","slug":"programme-de-fondation","status":"publish","type":"page","link":"https:\/\/www.meditation-marseille.org\/wordpress\/programme-de-fondation\/","title":{"rendered":"Le Programme de Fondation"},"content":{"rendered":"\n<p>Le PF, Programme de Fondation (anciennement Programme Fondamental) est destin\u00e9 \u00e0 tous ceux et celles qui d\u00e9sirent approfondir leur connaissance et leur exp\u00e9rience du dharma et obtenir d&rsquo;authentiques r\u00e9alisations spirituelles.<\/p>\n\n\n\n<div class=\"wp-block-group\"><div class=\"wp-block-group__inner-container is-layout-constrained wp-block-group-is-layout-constrained\">\n<div class=\"wp-block-columns are-vertically-aligned-top is-layout-flex wp-container-core-columns-is-layout-9d6595d7 wp-block-columns-is-layout-flex\">\n<div class=\"wp-block-column is-layout-flow wp-block-column-is-layout-flow\" style=\"flex-basis:50%\">\n<figure class=\"wp-block-image size-full\"><img loading=\"lazy\" decoding=\"async\" width=\"833\" height=\"1000\" src=\"https:\/\/www.meditation-marseille.org\/wordpress\/wp-content\/uploads\/2026\/03\/cce_web_1.jpg\" alt=\"\" class=\"wp-image-8238\" srcset=\"https:\/\/www.meditation-marseille.org\/wordpress\/wp-content\/uploads\/2026\/03\/cce_web_1.jpg 833w, https:\/\/www.meditation-marseille.org\/wordpress\/wp-content\/uploads\/2026\/03\/cce_web_1-250x300.jpg 250w, https:\/\/www.meditation-marseille.org\/wordpress\/wp-content\/uploads\/2026\/03\/cce_web_1-768x922.jpg 768w\" sizes=\"auto, (max-width: 833px) 100vw, 833px\" \/><\/figure>\n<\/div>\n\n\n\n<div class=\"wp-block-column is-layout-flow wp-block-column-is-layout-flow\" style=\"flex-basis:50%\">\n<h4 class=\"wp-block-heading\">Comment comprendre l&rsquo;esprit<\/h4>\n\n\n\n<p>Le livre \u00e9tudi\u00e9 au Programme de Fondation \u00e0 partir d&rsquo;avril 2026 est <em>Comment comprendre l&rsquo;esprit<\/em> de V\u00e9n\u00e9rable Gu\u00e9sh\u00e9 Kelsang Gyatso Rinpotch\u00e9.<\/p>\n\n\n\n<p><em>Comment Comprendre l\u2019esprit<\/em>\u00a0nous am\u00e8ne \u00e0 d\u00e9couvrir la relation qui existe entre notre esprit et les objets ext\u00e9rieurs. Si nous comprenons que les objets d\u00e9pendent de l\u2019esprit subjectif, nous pouvons changer la mani\u00e8re dont ceux-ci nous apparaissent en changeant notre esprit. Nous allons progressivement obtenir la capacit\u00e9 de contr\u00f4ler notre esprit et r\u00e9soudre ainsi tous nos probl\u00e8mes.<\/p>\n<\/div>\n<\/div>\n<\/div><\/div>\n\n\n\n<div class=\"wp-block-buttons is-layout-flex wp-block-buttons-is-layout-flex\">\n<div class=\"wp-block-button\"><a class=\"wp-block-button__link wp-element-button\" href=\"https:\/\/tharpa.com\/fr\/comment-comprendre-l-esprit\">Commander un exemplaire du livre<\/a><\/div>\n<\/div>\n\n\n\n<div style=\"height:45px\" aria-hidden=\"true\" class=\"wp-block-spacer\"><\/div>\n\n\n\n<h4 class=\"wp-block-heading\">D\u00e9roulement d&rsquo;une s\u00e9ance de PF<\/h4>\n\n\n\n<p>Une&nbsp;&nbsp;s\u00e9ance type se d\u00e9roule de la mani\u00e8re suivante:<br>\u2013 nous commen\u00e7ons par de br\u00e8ves pri\u00e8res chant\u00e9es pour pr\u00e9parer l&rsquo;esprit<br>\u2013 l\u2019enseignant guide une m\u00e9ditation<br>\u2013 nous prenons quelques instants pour m\u00e9moriser ensemble les grandes lignes du texte \u00e9tudi\u00e9<br>\u2013 l\u2019enseignant donne un commentaire du livre que nous \u00e9tudions page par page<br>\u2013 nous discutons en bin\u00f4me sur ce qui a \u00e9t\u00e9 vu durant la s\u00e9ance<br>\u2013 nous concluons la s\u00e9ance avec la fin des pri\u00e8res chant\u00e9es<\/p>\n\n\n\n<h4 class=\"wp-block-heading\">Les engagements du PF<\/h4>\n\n\n\n<div class=\"wp-block-media-text has-media-on-the-right is-stacked-on-mobile\" style=\"grid-template-columns:auto 43%\"><div class=\"wp-block-media-text__content\">\n<p>Contrairement \u00e0 tous les autres enseignements propos\u00e9s au Centre Menlha, rejoindre le Programme de Fondation n\u00e9cessite de prendre l&rsquo;engagement d&rsquo;assister \u00e0 toutes les s\u00e9ances (le jeudi soir \u00e0 19h30) au mieux de nos capacit\u00e9s. La r\u00e9gularit\u00e9 et la constance qu\u2019implique l\u2019inscription \u00e0 ce programme sont une aide inestimable dans notre \u00e9volution int\u00e9rieure.\u00a0<\/p>\n<\/div><figure class=\"wp-block-media-text__media\"><img loading=\"lazy\" decoding=\"async\" width=\"1024\" height=\"958\" src=\"https:\/\/www.meditation-marseille.org\/wordpress\/wp-content\/uploads\/2024\/07\/Stock_Malaga_2022_0551-Copie-1024x958.jpg\" alt=\"\" class=\"wp-image-6705 size-full\" srcset=\"https:\/\/www.meditation-marseille.org\/wordpress\/wp-content\/uploads\/2024\/07\/Stock_Malaga_2022_0551-Copie-1024x958.jpg 1024w, https:\/\/www.meditation-marseille.org\/wordpress\/wp-content\/uploads\/2024\/07\/Stock_Malaga_2022_0551-Copie-300x281.jpg 300w, https:\/\/www.meditation-marseille.org\/wordpress\/wp-content\/uploads\/2024\/07\/Stock_Malaga_2022_0551-Copie-768x718.jpg 768w, https:\/\/www.meditation-marseille.org\/wordpress\/wp-content\/uploads\/2024\/07\/Stock_Malaga_2022_0551-Copie.jpg 1176w\" sizes=\"auto, (max-width: 1024px) 100vw, 1024px\" \/><\/figure><\/div>\n\n\n\n<p><\/p>\n\n\n\n<h4 class=\"wp-block-heading\">Plus d&rsquo;informations<\/h4>\n\n\n\n<p><b style=\"font-weight: bold;\">Vous&nbsp; \u00eates les bienvenus \u00e0 tout moment pour une s\u00e9ance&nbsp;d\u2019essai&nbsp;gratuite.<\/b>&nbsp;Merci de nous contacter par e-mail ou t\u00e9l\u00e9phone au pr\u00e9alable. Il est n\u00e9cessaire au pr\u00e9alable d\u2019assister r\u00e9guli\u00e8rement aux <a style=\"font-weight: inherit; font-style: inherit; color: #1982d1;\" title=\"Enseignements et m\u00e9ditations \u00e0 Marseille\" href=\"http:\/\/www.meditation-marseille.org\/wordpress\/enseignements-et-meditations-a-marseille\/\">enseignements du Programme G\u00e9n\u00e9ral<\/a>.<\/p>\n\n\n\n<p>Pour plus d\u2019informations, n\u2019h\u00e9sitez pas \u00e0 prendre contact avec le coordonnateur des programmes spirituels au 06 78 22 40 50<\/p>\n\n\n\n<p>Inscription: 45 euros \/ mois (avec acc\u00e8s gratuit pour le Programme G\u00e9n\u00e9ral et tarif r\u00e9duit pour les transmissions de b\u00e9n\u00e9dictions).<\/p>\n","protected":false},"excerpt":{"rendered":"<p>Le PF, Programme de Fondation (anciennement Programme Fondamental) est destin\u00e9 \u00e0 tous ceux et celles qui d\u00e9sirent approfondir leur connaissance et leur exp\u00e9rience du dharma et obtenir d&rsquo;authentiques r\u00e9alisations spirituelles. <a class=\"more-link\" href=\"https:\/\/www.meditation-marseille.org\/wordpress\/programme-de-fondation\/\">Continue Reading &rarr;<\/a><\/p>\n","protected":false},"author":1,"featured_media":0,"parent":0,"menu_order":0,"comment_status":"closed","ping_status":"closed","template":"","meta":{"footnotes":""},"class_list":["post-45","page","type-page","status-publish","hentry"],"_links":{"self":[{"href":"https:\/\/www.meditation-marseille.org\/wordpress\/wp-json\/wp\/v2\/pages\/45","targetHints":{"allow":["GET"]}}],"collection":[{"href":"https:\/\/www.meditation-marseille.org\/wordpress\/wp-json\/wp\/v2\/pages"}],"about":[{"href":"https:\/\/www.meditation-marseille.org\/wordpress\/wp-json\/wp\/v2\/types\/page"}],"author":[{"embeddable":true,"href":"https:\/\/www.meditation-marseille.org\/wordpress\/wp-json\/wp\/v2\/users\/1"}],"replies":[{"embeddable":true,"href":"https:\/\/www.meditation-marseille.org\/wordpress\/wp-json\/wp\/v2\/comments?post=45"}],"version-history":[{"count":42,"href":"https:\/\/www.meditation-marseille.org\/wordpress\/wp-json\/wp\/v2\/pages\/45\/revisions"}],"predecessor-version":[{"id":8244,"href":"https:\/\/www.meditation-marseille.org\/wordpress\/wp-json\/wp\/v2\/pages\/45\/revisions\/8244"}],"wp:attachment":[{"href":"https:\/\/www.meditation-marseille.org\/wordpress\/wp-json\/wp\/v2\/media?parent=45"}],"curies":[{"name":"wp","href":"https:\/\/api.w.org\/{rel}","templated":true}]}}

<p>Le PF, Programme de Fondation (anciennement Programme Fondamental) est destiné à tous ceux et celles qui désirent approfondir leur connaissance et leur expérience du dharma et obtenir d&rsquo;authentiques réalisations spirituelles.</p>



<div class="wp-block-group"><div class="wp-block-group__inner-container is-layout-constrained wp-block-group-is-layout-constrained">
<div class="wp-block-columns are-vertically-aligned-top is-layout-flex wp-container-core-columns-is-layout-9d6595d7 wp-block-columns-is-layout-flex">
<div class="wp-block-column is-layout-flow wp-block-column-is-layout-flow" style="flex-basis:50%">
<figure class="wp-block-image size-full"><img loading="lazy" decoding="async" width="833" height="1000" src="https://www.meditation-marseille.org/wordpress/wp-content/uploads/2026/03/cce_web_1.jpg" alt="" class="wp-image-8238" srcset="https://www.meditation-marseille.org/wordpress/wp-content/uploads/2026/03/cce_web_1.jpg 833w, https://www.meditation-marseille.org/wordpress/wp-content/uploads/2026/03/cce_web_1-250x300.jpg 250w, https://www.meditation-marseille.org/wordpress/wp-content/uploads/2026/03/cce_web_1-768x922.jpg 768w" sizes="auto, (max-width: 833px) 100vw, 833px" /></figure>
</div>



<div class="wp-block-column is-layout-flow wp-block-column-is-layout-flow" style="flex-basis:50%">
<h4 class="wp-block-heading">Comment comprendre l&rsquo;esprit</h4>



<p>Le livre étudié au Programme de Fondation à partir d&rsquo;avril 2026 est <em>Comment comprendre l&rsquo;esprit</em> de Vénérable Guéshé Kelsang Gyatso Rinpotché.</p>



<p><em>Comment Comprendre l’esprit</em> nous amène à découvrir la relation qui existe entre notre esprit et les objets extérieurs. Si nous comprenons que les objets dépendent de l’esprit subjectif, nous pouvons changer la manière dont ceux-ci nous apparaissent en changeant notre esprit. Nous allons progressivement obtenir la capacité de contrôler notre esprit et résoudre ainsi tous nos problèmes.</p>
</div>
</div>
</div></div>



<div class="wp-block-buttons is-layout-flex wp-block-buttons-is-layout-flex">
<div class="wp-block-button"><a class="wp-block-button__link wp-element-button" href="https://tharpa.com/fr/comment-comprendre-l-esprit">Commander un exemplaire du livre</a></div>
</div>



<div style="height:45px" aria-hidden="true" class="wp-block-spacer"></div>



<h4 class="wp-block-heading">Déroulement d&rsquo;une séance de PF</h4>



<p>Une&nbsp;&nbsp;séance type se déroule de la manière suivante:<br>– nous commençons par de brèves prières chantées pour préparer l&rsquo;esprit<br>– l’enseignant guide une méditation<br>– nous prenons quelques instants pour mémoriser ensemble les grandes lignes du texte étudié<br>– l’enseignant donne un commentaire du livre que nous étudions page par page<br>– nous discutons en binôme sur ce qui a été vu durant la séance<br>– nous concluons la séance avec la fin des prières chantées</p>



<h4 class="wp-block-heading">Les engagements du PF</h4>



<div class="wp-block-media-text has-media-on-the-right is-stacked-on-mobile" style="grid-template-columns:auto 43%"><div class="wp-block-media-text__content">
<p>Contrairement à tous les autres enseignements proposés au Centre Menlha, rejoindre le Programme de Fondation nécessite de prendre l&rsquo;engagement d&rsquo;assister à toutes les séances (le jeudi soir à 19h30) au mieux de nos capacités. La régularité et la constance qu’implique l’inscription à ce programme sont une aide inestimable dans notre évolution intérieure. </p>
</div><figure class="wp-block-media-text__media"><img loading="lazy" decoding="async" width="1024" height="958" src="https://www.meditation-marseille.org/wordpress/wp-content/uploads/2024/07/Stock_Malaga_2022_0551-Copie-1024x958.jpg" alt="" class="wp-image-6705 size-full" srcset="https://www.meditation-marseille.org/wordpress/wp-content/uploads/2024/07/Stock_Malaga_2022_0551-Copie-1024x958.jpg 1024w, https://www.meditation-marseille.org/wordpress/wp-content/uploads/2024/07/Stock_Malaga_2022_0551-Copie-300x281.jpg 300w, https://www.meditation-marseille.org/wordpress/wp-content/uploads/2024/07/Stock_Malaga_2022_0551-Copie-768x718.jpg 768w, https://www.meditation-marseille.org/wordpress/wp-content/uploads/2024/07/Stock_Malaga_2022_0551-Copie.jpg 1176w" sizes="auto, (max-width: 1024px) 100vw, 1024px" /></figure></div>



<p></p>



<h4 class="wp-block-heading">Plus d&rsquo;informations</h4>



<p><b style="font-weight: bold;">Vous&nbsp; êtes les bienvenus à tout moment pour une séance&nbsp;d’essai&nbsp;gratuite.</b>&nbsp;Merci de nous contacter par e-mail ou téléphone au préalable. Il est nécessaire au préalable d’assister régulièrement aux <a style="font-weight: inherit; font-style: inherit; color: #1982d1;" title="Enseignements et méditations à Marseille" href="http://www.meditation-marseille.org/wordpress/enseignements-et-meditations-a-marseille/">enseignements du Programme Général</a>.</p>



<p>Pour plus d’informations, n’hésitez pas à prendre contact avec le coordonnateur des programmes spirituels au 06 78 22 40 50</p>



<p>Inscription: 45 euros / mois (avec accès gratuit pour le Programme Général et tarif réduit pour les transmissions de bénédictions).</p>

<p>Le PF, Programme de Fondation (anciennement Programme Fondamental) est destiné à tous ceux et celles qui désirent approfondir leur connaissance et leur expérience du dharma et obtenir d&rsquo;authentiques réalisations spirituelles. <a class="more-link" href="https://www.meditation-marseille.org/wordpress/programme-de-fondation/">Continue Reading &rarr;</a></p>
