{"id":39,"date":"2014-01-19T10:48:13","date_gmt":"2014-01-19T09:48:13","guid":{"rendered":"http:\/\/wp.meditation-marseille.org\/?page_id=39"},"modified":"2024-07-12T20:42:07","modified_gmt":"2024-07-12T18:42:07","slug":"prieres","status":"publish","type":"page","link":"https:\/\/www.meditation-marseille.org\/wordpress\/prieres\/","title":{"rendered":"Les pri\u00e8res"},"content":{"rendered":"\n<h4 class=\"wp-block-heading\">Recevoir de l\u2019\u00e9nergie spirituelle<\/h4>\n\n\n\n<div class=\"wp-block-media-text is-stacked-on-mobile is-vertically-aligned-top\" style=\"grid-template-columns:47% auto\"><figure class=\"wp-block-media-text__media\"><img loading=\"lazy\" decoding=\"async\" width=\"1024\" height=\"683\" src=\"https:\/\/www.meditation-marseille.org\/wordpress\/wp-content\/uploads\/2024\/07\/446857586_851564540338769_5084878139406975817_n-1024x683.jpg\" alt=\"\" class=\"wp-image-6714 size-full\" srcset=\"https:\/\/www.meditation-marseille.org\/wordpress\/wp-content\/uploads\/2024\/07\/446857586_851564540338769_5084878139406975817_n-1024x683.jpg 1024w, https:\/\/www.meditation-marseille.org\/wordpress\/wp-content\/uploads\/2024\/07\/446857586_851564540338769_5084878139406975817_n-300x200.jpg 300w, https:\/\/www.meditation-marseille.org\/wordpress\/wp-content\/uploads\/2024\/07\/446857586_851564540338769_5084878139406975817_n-768x512.jpg 768w, https:\/\/www.meditation-marseille.org\/wordpress\/wp-content\/uploads\/2024\/07\/446857586_851564540338769_5084878139406975817_n-1536x1024.jpg 1536w, https:\/\/www.meditation-marseille.org\/wordpress\/wp-content\/uploads\/2024\/07\/446857586_851564540338769_5084878139406975817_n.jpg 1920w\" sizes=\"auto, (max-width: 1024px) 100vw, 1024px\" \/><\/figure><div class=\"wp-block-media-text__content\">\n<p>Le Centre Menlha propose tous les jours des s\u00e9ances de pri\u00e8res. Elles sont chant\u00e9es en fran\u00e7ais et permettent de recevoir l\u2019inspiration des \u00eatres \u00e9veill\u00e9s et de faire grandir notre \u00e9nergie spirituelle.<\/p>\n\n\n\n<p>Les pri\u00e8res sont des m\u00e9thodes sp\u00e9ciales pour purifier les n\u00e9gativit\u00e9s, accumuler du m\u00e9rite et recevoir des b\u00e9n\u00e9dictions. Elles nous aident \u00e0 d\u00e9velopper et maintenir un esprit positif et sont une puissante pr\u00e9paration pour la m\u00e9ditation.<\/p>\n<\/div><\/div>\n\n\n\n<div style=\"height:54px\" aria-hidden=\"true\" class=\"wp-block-spacer\"><\/div>\n\n\n\n<h3 class=\"wp-block-heading\">Le Joyau qui exauce les souhaits<\/h3>\n\n\n\n<div class=\"wp-block-media-text is-stacked-on-mobile is-vertically-aligned-top\" style=\"grid-template-columns:42% auto\"><figure class=\"wp-block-media-text__media\"><img loading=\"lazy\" decoding=\"async\" width=\"842\" height=\"559\" src=\"https:\/\/www.meditation-marseille.org\/wordpress\/wp-content\/uploads\/2024\/07\/K4D2682L-resized.jpg\" alt=\"\" class=\"wp-image-6715 size-full\" srcset=\"https:\/\/www.meditation-marseille.org\/wordpress\/wp-content\/uploads\/2024\/07\/K4D2682L-resized.jpg 842w, https:\/\/www.meditation-marseille.org\/wordpress\/wp-content\/uploads\/2024\/07\/K4D2682L-resized-300x199.jpg 300w, https:\/\/www.meditation-marseille.org\/wordpress\/wp-content\/uploads\/2024\/07\/K4D2682L-resized-768x510.jpg 768w\" sizes=\"auto, (max-width: 842px) 100vw, 842px\" \/><\/figure><div class=\"wp-block-media-text__content\">\n<p>Cette pratique est l\u2019essence m\u00eame de la Nouvelle Tradition Kadampa. Elle nous permet de nettoyer notre esprit, accumuler de l\u2019\u00e9nergie positive et recevoir l\u2019inspiration des \u00eatres saints afin de pouvoir r\u00e9aliser toutes les \u00e9tapes de la voie de l\u2019illumination du soutra et du tantra. <\/p>\n<\/div><\/div>\n\n\n\n<div style=\"height:14px\" aria-hidden=\"true\" class=\"wp-block-spacer\"><\/div>\n\n\n\n<p>Si nous faisons cette pratique r\u00e9guli\u00e8rement et sinc\u00e8rement, nous allons d\u00e9velopper des r\u00e9alisations pures du dharma, et nous ferons finalement l\u2019exp\u00e9rience de la joie supr\u00eame de la pleine illumination.<\/p>\n\n\n\n<p>S\u00e9ances tous les jours (dur\u00e9e 1h15) avec temps de m\u00e9ditations en silence. Une fois par semaine, cette pri\u00e8res est faite avec offrande de tsog (offrande de nourriture). <\/p>\n\n\n\n<h3 class=\"wp-block-heading\">La Lib\u00e9ration hors de la douleur \u2013 Pratique de Tara<\/h3>\n\n\n\n<div class=\"wp-block-media-text is-stacked-on-mobile is-vertically-aligned-top\"><figure class=\"wp-block-media-text__media\"><img loading=\"lazy\" decoding=\"async\" width=\"994\" height=\"768\" src=\"https:\/\/www.meditation-marseille.org\/wordpress\/wp-content\/uploads\/2024\/07\/Statue-Tara-Verte-fall-festival-2021-Copie.jpg\" alt=\"\" class=\"wp-image-6718 size-full\" srcset=\"https:\/\/www.meditation-marseille.org\/wordpress\/wp-content\/uploads\/2024\/07\/Statue-Tara-Verte-fall-festival-2021-Copie.jpg 994w, https:\/\/www.meditation-marseille.org\/wordpress\/wp-content\/uploads\/2024\/07\/Statue-Tara-Verte-fall-festival-2021-Copie-300x232.jpg 300w, https:\/\/www.meditation-marseille.org\/wordpress\/wp-content\/uploads\/2024\/07\/Statue-Tara-Verte-fall-festival-2021-Copie-768x593.jpg 768w\" sizes=\"auto, (max-width: 994px) 100vw, 994px\" \/><\/figure><div class=\"wp-block-media-text__content\">\n<p>Tara (lib\u00e9ratrice) est un bouddha f\u00e9minin, manifestation de la sagesse ultime de tous les bouddhas. En se rapprochant de Tara, nous serons lib\u00e9r\u00e9s de toutes peurs et nous recevrons une inspiration puissante qui nous guidera tout au long de la voie spirituelle.<\/p>\n\n\n\n<p>S\u00e9ance le 8 de chaque mois. Dur\u00e9e : 1h. <\/p>\n<\/div><\/div>\n\n\n\n<p><\/p>\n\n\n\n<h3 class=\"wp-block-heading\">L\u2019Offrande au Guide Spirituel (OGS)<\/h3>\n\n\n\n<div class=\"wp-block-media-text is-stacked-on-mobile is-vertically-aligned-top\" style=\"grid-template-columns:46% auto\"><figure class=\"wp-block-media-text__media\"><img loading=\"lazy\" decoding=\"async\" width=\"626\" height=\"640\" src=\"https:\/\/www.meditation-marseille.org\/wordpress\/wp-content\/uploads\/2024\/07\/Je-Tsongkhapa-Statue-2-Copie.jpg\" alt=\"\" class=\"wp-image-6719 size-full\" srcset=\"https:\/\/www.meditation-marseille.org\/wordpress\/wp-content\/uploads\/2024\/07\/Je-Tsongkhapa-Statue-2-Copie.jpg 626w, https:\/\/www.meditation-marseille.org\/wordpress\/wp-content\/uploads\/2024\/07\/Je-Tsongkhapa-Statue-2-Copie-293x300.jpg 293w\" sizes=\"auto, (max-width: 626px) 100vw, 626px\" \/><\/figure><div class=\"wp-block-media-text__content\">\n<p>Cette pratique nous permet de faire grandir nos qualit\u00e9s en nous rapprochant de notre guide spirituel. Elle contient toutes les pratiques\u00a0essentielles du bouddhisme kadampa = les \u00e9tapes de la voie (Lamrim) et l\u2019entra\u00eenement de l\u2019esprit (Lodjong), et les \u00e9tapes de g\u00e9n\u00e9ration et de r\u00e9alisation du tantra du yoga supr\u00eame. En nous en remettant \u00e0 notre guide spirituel comme \u00e9tant un avec Dj\u00e9 Tsongkhapa, notre compassion, pouvoir spirituel et sagesse grandiront naturellement. Cette pratique inclut une offrande de nourriture (tsog).<\/p>\n<\/div><\/div>\n\n\n\n<div style=\"height:9px\" aria-hidden=\"true\" class=\"wp-block-spacer\"><\/div>\n\n\n\n<p>S\u00e9ances les 10 et 25 de chaque mois et lors d&rsquo;\u00e9v\u00e8nements sp\u00e9ciaux. Dur\u00e9e : 1h45. <\/p>\n\n\n\n<h3 class=\"wp-block-heading\">Le Tambour M\u00e9lodieux<\/h3>\n\n\n\n<div class=\"wp-block-media-text is-stacked-on-mobile is-vertically-aligned-top\"><figure class=\"wp-block-media-text__media\"><img loading=\"lazy\" decoding=\"async\" width=\"507\" height=\"533\" src=\"https:\/\/www.meditation-marseille.org\/wordpress\/wp-content\/uploads\/2024\/07\/4-pama-shugden-five-lineages-on-dragon-statue-florida-Copie.jpg\" alt=\"\" class=\"wp-image-6720 size-full\" srcset=\"https:\/\/www.meditation-marseille.org\/wordpress\/wp-content\/uploads\/2024\/07\/4-pama-shugden-five-lineages-on-dragon-statue-florida-Copie.jpg 507w, https:\/\/www.meditation-marseille.org\/wordpress\/wp-content\/uploads\/2024\/07\/4-pama-shugden-five-lineages-on-dragon-statue-florida-Copie-285x300.jpg 285w\" sizes=\"auto, (max-width: 507px) 100vw, 507px\" \/><\/figure><div class=\"wp-block-media-text__content\">\n<p>Cette pratique a pour fonction d\u2019\u00e9carter les obstacles \u00e0 l\u2019accomplissement des r\u00e9alisations spirituelles et de mettre en place les conditions favorables \u00e0 leur croissance. Cette pratique inclus une louange \u00e0 Mandjoushri, le gourou yoga de Dj\u00e9 Tsongkhapa, l\u2019auto-g\u00e9n\u00e9ration en H\u00e9rouka, et des offrandes aux protecteurs du Dharma dont Dordj\u00e9 Shougd\u00e8n.<\/p>\n\n\n\n<p>S\u00e9ance le 29 chaque mois. Cette pratique dure 3h30 avec une pause. Il est possible d\u2019int\u00e9grer la pratique \u00e0 n\u2019importe quel moment.<\/p>\n<\/div><\/div>\n\n\n\n<p><\/p>\n\n\n\n<h3 class=\"wp-block-heading\">La C\u00e9r\u00e9monie du Powa<\/h3>\n\n\n\n<div class=\"wp-block-media-text is-stacked-on-mobile is-vertically-aligned-top\"><figure class=\"wp-block-media-text__media\"><img loading=\"lazy\" decoding=\"async\" width=\"1024\" height=\"696\" src=\"https:\/\/www.meditation-marseille.org\/wordpress\/wp-content\/uploads\/2024\/07\/maxresdefault-Copie-1024x696.jpg\" alt=\"\" class=\"wp-image-6722 size-full\" srcset=\"https:\/\/www.meditation-marseille.org\/wordpress\/wp-content\/uploads\/2024\/07\/maxresdefault-Copie-1024x696.jpg 1024w, https:\/\/www.meditation-marseille.org\/wordpress\/wp-content\/uploads\/2024\/07\/maxresdefault-Copie-300x204.jpg 300w, https:\/\/www.meditation-marseille.org\/wordpress\/wp-content\/uploads\/2024\/07\/maxresdefault-Copie-768x522.jpg 768w, https:\/\/www.meditation-marseille.org\/wordpress\/wp-content\/uploads\/2024\/07\/maxresdefault-Copie.jpg 1060w\" sizes=\"auto, (max-width: 1024px) 100vw, 1024px\" \/><\/figure><div class=\"wp-block-media-text__content\">\n<p>Lorsque nous pratiquons le transfert de conscience, ou powa, avec foi, compassion et concentration, nous pouvons transf\u00e9rer la conscience de ceux qui sont morts r\u00e9cemment vers une renaissance sup\u00e9rieure ou vers le pays pur d\u2019un bouddha. La c\u00e9r\u00e9monie du powa peut \u00eatre effectu\u00e9e pour le bien d\u2019une ou de plusieurs personnes d\u00e9c\u00e9d\u00e9es, ou encore pour le bien des innombrables \u00eatres morts r\u00e9cemment. <\/p>\n<\/div><\/div>\n\n\n\n<div style=\"height:9px\" aria-hidden=\"true\" class=\"wp-block-spacer\"><\/div>\n\n\n\n<p>En effectuant cette pratique nous cr\u00e9ons \u00e9galement une vaste collection de m\u00e9rite qui nous conduira aussi sur le chemin qui m\u00e8ne au pays pur d\u2019un bouddha.<\/p>\n\n\n\n<p>S\u00e9ances organis\u00e9es \u00e0 la demande des personnes. Dur\u00e9e 1h. <\/p>\n\n\n\n<h3 class=\"wp-block-heading\">Autres pri\u00e8res<\/h3>\n\n\n\n<p>D&rsquo;autres pri\u00e8res peuvent \u00eatre organis\u00e9es au centre (Pr\u00e9ceptes Mahayana, Pri\u00e8res aux 35 bouddhas, La Grande M\u00e8re, etc.) sur demande des personnes. N&rsquo;h\u00e9sitez pas \u00e0 <a href=\"http:\/\/www.meditation-marseille.org\/wordpress\/nous-contacter\/\">nous contacter<\/a> ! <\/p>\n","protected":false},"excerpt":{"rendered":"<p>Recevoir de l\u2019\u00e9nergie spirituelle Le Centre Menlha propose tous les jours des s\u00e9ances de pri\u00e8res. Elles sont chant\u00e9es en fran\u00e7ais et permettent de recevoir l\u2019inspiration des \u00eatres \u00e9veill\u00e9s et de <a class=\"more-link\" href=\"https:\/\/www.meditation-marseille.org\/wordpress\/prieres\/\">Continue Reading &rarr;<\/a><\/p>\n","protected":false},"author":1,"featured_media":0,"parent":0,"menu_order":0,"comment_status":"closed","ping_status":"closed","template":"","meta":{"footnotes":""},"class_list":["post-39","page","type-page","status-publish","hentry"],"_links":{"self":[{"href":"https:\/\/www.meditation-marseille.org\/wordpress\/wp-json\/wp\/v2\/pages\/39","targetHints":{"allow":["GET"]}}],"collection":[{"href":"https:\/\/www.meditation-marseille.org\/wordpress\/wp-json\/wp\/v2\/pages"}],"about":[{"href":"https:\/\/www.meditation-marseille.org\/wordpress\/wp-json\/wp\/v2\/types\/page"}],"author":[{"embeddable":true,"href":"https:\/\/www.meditation-marseille.org\/wordpress\/wp-json\/wp\/v2\/users\/1"}],"replies":[{"embeddable":true,"href":"https:\/\/www.meditation-marseille.org\/wordpress\/wp-json\/wp\/v2\/comments?post=39"}],"version-history":[{"count":30,"href":"https:\/\/www.meditation-marseille.org\/wordpress\/wp-json\/wp\/v2\/pages\/39\/revisions"}],"predecessor-version":[{"id":6724,"href":"https:\/\/www.meditation-marseille.org\/wordpress\/wp-json\/wp\/v2\/pages\/39\/revisions\/6724"}],"wp:attachment":[{"href":"https:\/\/www.meditation-marseille.org\/wordpress\/wp-json\/wp\/v2\/media?parent=39"}],"curies":[{"name":"wp","href":"https:\/\/api.w.org\/{rel}","templated":true}]}}