{"id":3463,"date":"2018-11-09T22:42:34","date_gmt":"2018-11-09T21:42:34","guid":{"rendered":"http:\/\/www.meditation-marseille.org\/wordpress\/?page_id=3463"},"modified":"2026-04-28T20:58:47","modified_gmt":"2026-04-28T18:58:47","slug":"initiation-aux-offrandes-de-mandala","status":"publish","type":"page","link":"https:\/\/www.meditation-marseille.org\/wordpress\/initiation-aux-offrandes-de-mandala\/","title":{"rendered":"Retraite d&rsquo;offrande de mandala"},"content":{"rendered":"\n<h4 class=\"wp-block-heading\"><span style=\"font-size: 14pt;\">Dimanche 7 juin 2026 \u00e0 Marseille<\/span><\/h4>\n\n\n\n<p><\/p>\n\n\n\n<div class=\"wp-block-buttons is-layout-flex wp-block-buttons-is-layout-flex\">\n<div class=\"wp-block-button\"><a class=\"wp-block-button__link wp-element-button\" href=\"https:\/\/www.helloasso.com\/associations\/centre-bouddhiste-kadampa-menlha\/evenements\/retraite-offrande-mandala\">Inscription<\/a><\/div>\n<\/div>\n\n\n\n<p><\/p>\n\n\n\n<h4 class=\"wp-block-heading\"><strong>Pourquoi participer \u00e0 cette journ\u00e9e ? <\/strong><\/h4>\n\n\n<div class=\"wp-block-image\">\n<figure class=\"alignright size-large is-resized\"><img loading=\"lazy\" decoding=\"async\" width=\"1024\" height=\"1024\" src=\"https:\/\/www.meditation-marseille.org\/wordpress\/wp-content\/uploads\/2026\/04\/FB_IMG_1706512489002-1024x1024.jpg\" alt=\"\" class=\"wp-image-8398\" style=\"width:279px;height:auto\" srcset=\"https:\/\/www.meditation-marseille.org\/wordpress\/wp-content\/uploads\/2026\/04\/FB_IMG_1706512489002-1024x1024.jpg 1024w, https:\/\/www.meditation-marseille.org\/wordpress\/wp-content\/uploads\/2026\/04\/FB_IMG_1706512489002-300x300.jpg 300w, https:\/\/www.meditation-marseille.org\/wordpress\/wp-content\/uploads\/2026\/04\/FB_IMG_1706512489002-150x150.jpg 150w, https:\/\/www.meditation-marseille.org\/wordpress\/wp-content\/uploads\/2026\/04\/FB_IMG_1706512489002-768x768.jpg 768w, https:\/\/www.meditation-marseille.org\/wordpress\/wp-content\/uploads\/2026\/04\/FB_IMG_1706512489002.jpg 1080w\" sizes=\"auto, (max-width: 1024px) 100vw, 1024px\" \/><\/figure>\n<\/div>\n\n\n<p>Offrir le mandala est la meilleure m\u00e9thode pour nous lib\u00e9rer de la pauvret\u00e9 future et pour cr\u00e9er la cause d\u2019une renaissance dans le pays pur d\u2019un bouddha. En faisant des offrandes de mandala, nous diminuons notre attachement aux plaisirs et aux biens ordinaires et accumulons une immense collection de m\u00e9rite. En r\u00e9sultat, nous connaissons progressivement des richesses, de bonnes conditions et des plaisirs grandissants. Nos souhaits temporaires seront exauc\u00e9s et nous atteindrons finalement notre but ultime, la pleine illumination. Si nous souhaitons conna\u00eetre ces bienfaits, nous avons besoin de nous familiariser avec la pratique de l\u2019offrande du mandala.<\/p>\n\n\n\n<div class=\"wp-block-group is-nowrap is-layout-flex wp-container-core-group-is-layout-ad2f72ca wp-block-group-is-layout-flex\">\n<p><\/p>\n<\/div>\n\n\n<div class=\"wp-block-image is-style-rounded\">\n<figure class=\"aligncenter size-full is-resized\"><img loading=\"lazy\" decoding=\"async\" width=\"960\" height=\"880\" src=\"https:\/\/www.meditation-marseille.org\/wordpress\/wp-content\/uploads\/2025\/10\/14449964_1224743990880639_3766953018583066834_n-1.jpg\" alt=\"\" class=\"wp-image-7632\" style=\"width:150px;height:150px\" srcset=\"https:\/\/www.meditation-marseille.org\/wordpress\/wp-content\/uploads\/2025\/10\/14449964_1224743990880639_3766953018583066834_n-1.jpg 960w, https:\/\/www.meditation-marseille.org\/wordpress\/wp-content\/uploads\/2025\/10\/14449964_1224743990880639_3766953018583066834_n-1-300x275.jpg 300w, https:\/\/www.meditation-marseille.org\/wordpress\/wp-content\/uploads\/2025\/10\/14449964_1224743990880639_3766953018583066834_n-1-768x704.jpg 768w\" sizes=\"auto, (max-width: 960px) 100vw, 960px\" \/><\/figure>\n<\/div>\n\n\n<blockquote class=\"wp-block-quote has-text-align-center is-style-large is-layout-flow wp-block-quote-is-layout-flow\">\n<p class=\"has-black-color has-text-color has-link-color wp-elements-1da539145026423c0556d63ef4979fda\" style=\"font-size:18px\">\u00ab&nbsp;Si nous offrons le monde sous l&rsquo;aspect d&rsquo;un pays pur rempli d&rsquo;objets magnifiques et de pr\u00e9cieux symboles, nous conna\u00eetrons un r\u00e9sultat correspondant \u00e0 la nature pure de notre offrande. Si nous d\u00e9sirons des accomplissements spirituels, il est bon d&rsquo;offrir un mandala chaque jour \u00bb<\/p>\n<cite>\u2014 Gu\u00e9sh\u00e9 Kelsang Gyatso Rinpotch\u00e9<\/cite><\/blockquote>\n\n\n\n<p><\/p>\n\n\n\n<h4 class=\"wp-block-heading\"><strong>Qui peut participer ? <\/strong><\/h4>\n\n\n\n<p>Cette journ\u00e9e est conseill\u00e9e pour les personnes d\u00e9j\u00e0 famili\u00e8res de la m\u00e9ditation et des pri\u00e8res de la Nouvelle Tradition Kadampa.<br>Si vous participez \u00e0 une retraite d&rsquo;offrande de mandala pour la premi\u00e8re fois, il est n\u00e9cessaire de participer \u00e0 la s\u00e9ance de 9h30 o\u00f9 les instructions seront donn\u00e9es. <\/p>\n\n\n\n<p><\/p>\n\n\n\n<h4 class=\"wp-block-heading\"><strong>Programme de la journ\u00e9e<\/strong><\/h4>\n\n\n\n<ul class=\"wp-block-list\">\n<li>9h30 : s\u00e9ance 1 (s\u00e9ance obligatoire pour ceux qui participent \u00e0 la retraite pour la premi\u00e8re fois)<\/li>\n\n\n\n<li>11h30 : s\u00e9ance 2<\/li>\n\n\n\n<li>14h30 : s\u00e9ance 3<\/li>\n\n\n\n<li>17h00 : Joyau qui Exauce les Souhaits avec tsog (pri\u00e8res chant\u00e9es)<\/li>\n<\/ul>\n\n\n\n<p><\/p>\n\n\n\n<h4 class=\"wp-block-heading\"><strong>D\u00e9roul\u00e9 des s\u00e9ances <\/strong><\/h4>\n\n\n\n<ul class=\"wp-block-list\">\n<li>Les personnes poss\u00e9dant un kit mandala peuvent l&rsquo;apporter. Pour les personnes qui n&rsquo;en poss\u00e8dent pas, le centre en dispose de quelques uns. Il est possible \u00e9galement d&rsquo;en acheter dans l&rsquo;espace boutique. <\/li>\n\n\n\n<li>Chaque s\u00e9ance comporte des pri\u00e8res chant\u00e9es, des temps de m\u00e9ditation en silence (non guid\u00e9s) ainsi que du temps en silence pour confectionner des mandalas avec le kit et du riz. <\/li>\n\n\n\n<li>Chaque s\u00e9ance est bas\u00e9e sur la pri\u00e8re <em>L&rsquo;Offrande au Guide Spirituel<\/em> et dure environ 1h30. <\/li>\n<\/ul>\n\n\n\n<p><\/p>\n\n\n\n<h4 class=\"wp-block-heading\"><strong>Infos pratiques<\/strong><\/h4>\n\n\n\n<p>\u2705 Dur\u00e9e des s\u00e9ances : environ 1h30<br>\u2705 Tarif : gratuit<br>\u2705 Lieu : <a title=\"Afficher sur Google Maps\" href=\"https:\/\/www.google.fr\/maps\/place\/8+Place+Pierre+Roux,+13005+Marseille\/@43.2859579,5.3923894,16.5z\/data=!4m5!3m4!1s0x12c9bf5615461b51:0x1fa339ce849dfc59!8m2!3d43.2856424!4d5.3952217\" target=\"_blank\" rel=\"noopener\">8 Place Pierre Roux, 13 005 Marseille (5 min m\u00e9tro Baille)<\/a>.<\/p>\n\n\n\n<p><\/p>\n\n\n\n<h4 class=\"wp-block-heading\"><strong><strong>Qui va animer cette journ\u00e9e ?<\/strong><\/strong><\/h4>\n\n\n\n<div class=\"wp-block-media-text has-media-on-the-right is-stacked-on-mobile is-vertically-aligned-center is-image-fill-element\" style=\"grid-template-columns:auto 30%\"><div class=\"wp-block-media-text__content\">\n<p><\/p>\n\n\n\n<p><strong>Gu\u00e8n Kelsang Lhassang<\/strong> est l\u2019enseignante principale du Centre Bouddhiste Kadampa de Marseille.<br><br>Elle nous transmet les enseignements de Bouddha avec patience et douceur en nous donnant des conseils pratiques pour nous permettre de d\u00e9velopper nos qualit\u00e9s et surmonter nos difficult\u00e9s.<br><br>Gu\u00e8n Kelsang Lhassang pratique le Bouddhisme Kadampa depuis pr\u00e8s de 20 ans et a re\u00e7u l\u2019ordination en 2007.<\/p>\n<\/div><figure class=\"wp-block-media-text__media\"><img loading=\"lazy\" decoding=\"async\" width=\"765\" height=\"1024\" src=\"https:\/\/www.meditation-marseille.org\/wordpress\/wp-content\/uploads\/2025\/12\/Guen-Kelsang-Lhassang-2025-765x1024.jpg\" alt=\"\" class=\"wp-image-7792 size-full\" style=\"object-position:49% 32%\" srcset=\"https:\/\/www.meditation-marseille.org\/wordpress\/wp-content\/uploads\/2025\/12\/Guen-Kelsang-Lhassang-2025-765x1024.jpg 765w, https:\/\/www.meditation-marseille.org\/wordpress\/wp-content\/uploads\/2025\/12\/Guen-Kelsang-Lhassang-2025-224x300.jpg 224w, https:\/\/www.meditation-marseille.org\/wordpress\/wp-content\/uploads\/2025\/12\/Guen-Kelsang-Lhassang-2025-768x1028.jpg 768w, https:\/\/www.meditation-marseille.org\/wordpress\/wp-content\/uploads\/2025\/12\/Guen-Kelsang-Lhassang-2025.jpg 983w\" sizes=\"auto, (max-width: 765px) 100vw, 765px\" \/><\/figure><\/div>\n","protected":false},"excerpt":{"rendered":"<p>Dimanche 7 juin 2026 \u00e0 Marseille Pourquoi participer \u00e0 cette journ\u00e9e ? Offrir le mandala est la meilleure m\u00e9thode pour nous lib\u00e9rer de la pauvret\u00e9 future et pour cr\u00e9er la <a class=\"more-link\" href=\"https:\/\/www.meditation-marseille.org\/wordpress\/initiation-aux-offrandes-de-mandala\/\">Continue Reading &rarr;<\/a><\/p>\n","protected":false},"author":1,"featured_media":0,"parent":0,"menu_order":0,"comment_status":"closed","ping_status":"closed","template":"","meta":{"footnotes":""},"class_list":["post-3463","page","type-page","status-publish","hentry"],"_links":{"self":[{"href":"https:\/\/www.meditation-marseille.org\/wordpress\/wp-json\/wp\/v2\/pages\/3463","targetHints":{"allow":["GET"]}}],"collection":[{"href":"https:\/\/www.meditation-marseille.org\/wordpress\/wp-json\/wp\/v2\/pages"}],"about":[{"href":"https:\/\/www.meditation-marseille.org\/wordpress\/wp-json\/wp\/v2\/types\/page"}],"author":[{"embeddable":true,"href":"https:\/\/www.meditation-marseille.org\/wordpress\/wp-json\/wp\/v2\/users\/1"}],"replies":[{"embeddable":true,"href":"https:\/\/www.meditation-marseille.org\/wordpress\/wp-json\/wp\/v2\/comments?post=3463"}],"version-history":[{"count":29,"href":"https:\/\/www.meditation-marseille.org\/wordpress\/wp-json\/wp\/v2\/pages\/3463\/revisions"}],"predecessor-version":[{"id":8402,"href":"https:\/\/www.meditation-marseille.org\/wordpress\/wp-json\/wp\/v2\/pages\/3463\/revisions\/8402"}],"wp:attachment":[{"href":"https:\/\/www.meditation-marseille.org\/wordpress\/wp-json\/wp\/v2\/media?parent=3463"}],"curies":[{"name":"wp","href":"https:\/\/api.w.org\/{rel}","templated":true}]}}