{"id":2,"date":"2013-12-11T18:40:57","date_gmt":"2013-12-11T18:40:57","guid":{"rendered":"http:\/\/meditatia.cluster015.ovh.net\/wordpress\/?page_id=2"},"modified":"2026-03-21T23:26:53","modified_gmt":"2026-03-21T22:26:53","slug":"page-d-exemple","status":"publish","type":"page","link":"https:\/\/www.meditation-marseille.org\/wordpress\/","title":{"rendered":"D\u00e9couvrez la m\u00e9ditation et le bouddhisme \u00e0 Marseille"},"content":{"rendered":"\n<p>Nous vous accueillons pour des enseignements et des m\u00e9ditations au Centre Bouddhiste Kadampa Menlha, <a href=\"https:\/\/www.google.fr\/maps\/place\/8+Place+Pierre+Roux,+13005+Marseille\/@43.2859579,5.3923894,16.5z\/data=!4m5!3m4!1s0x12c9bf5615461b51:0x1fa339ce849dfc59!8m2!3d43.2856424!4d5.3952217\" target=\"_blank\" rel=\"noreferrer noopener\">8 place Pierre Roux, dans le 5\u00e8me&nbsp;\u00e0 Marseille<\/a> (M\u00e9tro Baille).<\/p>\n\n\n\n<p><\/p>\n\n\n\n<h4 class=\"wp-block-heading\">Les prochains \u00e9v\u00e8nements \u00e0 ne pas rater \u00e0 Marseille :<\/h4>\n\n\n\n<div class=\"wp-block-columns is-layout-flex wp-container-core-columns-is-layout-9d6595d7 wp-block-columns-is-layout-flex\">\n<div class=\"wp-block-column is-layout-flow wp-block-column-is-layout-flow\">\n<figure class=\"wp-block-image size-full\"><a href=\"https:\/\/www.meditation-marseille.org\/wordpress\/programme-de-fondation\/\"><img loading=\"lazy\" decoding=\"async\" width=\"864\" height=\"1080\" src=\"https:\/\/www.meditation-marseille.org\/wordpress\/wp-content\/uploads\/2026\/03\/2026-04-09-insta-PF-low.jpg\" alt=\"\" class=\"wp-image-8245\" srcset=\"https:\/\/www.meditation-marseille.org\/wordpress\/wp-content\/uploads\/2026\/03\/2026-04-09-insta-PF-low.jpg 864w, https:\/\/www.meditation-marseille.org\/wordpress\/wp-content\/uploads\/2026\/03\/2026-04-09-insta-PF-low-240x300.jpg 240w, https:\/\/www.meditation-marseille.org\/wordpress\/wp-content\/uploads\/2026\/03\/2026-04-09-insta-PF-low-819x1024.jpg 819w, https:\/\/www.meditation-marseille.org\/wordpress\/wp-content\/uploads\/2026\/03\/2026-04-09-insta-PF-low-768x960.jpg 768w\" sizes=\"auto, (max-width: 864px) 100vw, 864px\" \/><\/a><\/figure>\n<\/div>\n\n\n\n<div class=\"wp-block-column is-layout-flow wp-block-column-is-layout-flow\">\n<figure class=\"wp-block-image size-full\"><a href=\"https:\/\/www.meditation-marseille.org\/wordpress\/retraite-de-nyoung-ne\/\"><img loading=\"lazy\" decoding=\"async\" width=\"756\" height=\"945\" src=\"https:\/\/www.meditation-marseille.org\/wordpress\/wp-content\/uploads\/2026\/03\/2026-04-18-insta-NyoungNe-low-v2.jpg\" alt=\"\" class=\"wp-image-8248\" srcset=\"https:\/\/www.meditation-marseille.org\/wordpress\/wp-content\/uploads\/2026\/03\/2026-04-18-insta-NyoungNe-low-v2.jpg 756w, https:\/\/www.meditation-marseille.org\/wordpress\/wp-content\/uploads\/2026\/03\/2026-04-18-insta-NyoungNe-low-v2-240x300.jpg 240w\" sizes=\"auto, (max-width: 756px) 100vw, 756px\" \/><\/a><\/figure>\n<\/div>\n\n\n\n<div class=\"wp-block-column is-layout-flow wp-block-column-is-layout-flow\">\n<figure class=\"wp-block-image size-full\"><img loading=\"lazy\" decoding=\"async\" width=\"864\" height=\"1080\" src=\"https:\/\/www.meditation-marseille.org\/wordpress\/wp-content\/uploads\/2026\/03\/2026-04-24-insta-Weekend-Guen-Eupame-low.jpg\" alt=\"\" class=\"wp-image-8246\" srcset=\"https:\/\/www.meditation-marseille.org\/wordpress\/wp-content\/uploads\/2026\/03\/2026-04-24-insta-Weekend-Guen-Eupame-low.jpg 864w, https:\/\/www.meditation-marseille.org\/wordpress\/wp-content\/uploads\/2026\/03\/2026-04-24-insta-Weekend-Guen-Eupame-low-240x300.jpg 240w, https:\/\/www.meditation-marseille.org\/wordpress\/wp-content\/uploads\/2026\/03\/2026-04-24-insta-Weekend-Guen-Eupame-low-819x1024.jpg 819w, https:\/\/www.meditation-marseille.org\/wordpress\/wp-content\/uploads\/2026\/03\/2026-04-24-insta-Weekend-Guen-Eupame-low-768x960.jpg 768w\" sizes=\"auto, (max-width: 864px) 100vw, 864px\" \/><\/figure>\n<\/div>\n<\/div>\n\n\n\n<p><\/p>\n\n\n\n<h4 class=\"wp-block-heading\">Les prochains \u00e9v\u00e8nements en France :<\/h4>\n\n\n\n<figure class=\"wp-block-image size-large\"><a href=\"https:\/\/kadampafrance.org\/enseignement\/festival-francais-2026\/\"><img loading=\"lazy\" decoding=\"async\" width=\"1024\" height=\"616\" src=\"https:\/\/www.meditation-marseille.org\/wordpress\/wp-content\/uploads\/2026\/03\/Festival-national-2026-v2-low-1024x616.jpg\" alt=\"\" class=\"wp-image-8250\" srcset=\"https:\/\/www.meditation-marseille.org\/wordpress\/wp-content\/uploads\/2026\/03\/Festival-national-2026-v2-low-1024x616.jpg 1024w, https:\/\/www.meditation-marseille.org\/wordpress\/wp-content\/uploads\/2026\/03\/Festival-national-2026-v2-low-300x180.jpg 300w, https:\/\/www.meditation-marseille.org\/wordpress\/wp-content\/uploads\/2026\/03\/Festival-national-2026-v2-low-768x462.jpg 768w, https:\/\/www.meditation-marseille.org\/wordpress\/wp-content\/uploads\/2026\/03\/Festival-national-2026-v2-low.jpg 1472w\" sizes=\"auto, (max-width: 1024px) 100vw, 1024px\" \/><\/a><\/figure>\n\n\n\n<p><\/p>\n\n\n\n<h4 class=\"wp-block-heading\">Ne ratez pas les pass m\u00e9ditation et streaming d&rsquo;avril<\/h4>\n\n\n<div class=\"wp-block-image\">\n<figure class=\"alignleft size-full is-resized\"><img loading=\"lazy\" decoding=\"async\" width=\"620\" height=\"620\" src=\"https:\/\/www.meditation-marseille.org\/wordpress\/wp-content\/uploads\/2026\/01\/Pass-streaming-2025-carre-3-low.jpg\" alt=\"\" class=\"wp-image-8143\" style=\"width:194px;height:auto\" srcset=\"https:\/\/www.meditation-marseille.org\/wordpress\/wp-content\/uploads\/2026\/01\/Pass-streaming-2025-carre-3-low.jpg 620w, https:\/\/www.meditation-marseille.org\/wordpress\/wp-content\/uploads\/2026\/01\/Pass-streaming-2025-carre-3-low-300x300.jpg 300w, https:\/\/www.meditation-marseille.org\/wordpress\/wp-content\/uploads\/2026\/01\/Pass-streaming-2025-carre-3-low-150x150.jpg 150w\" sizes=\"auto, (max-width: 620px) 100vw, 620px\" \/><\/figure>\n<\/div>\n\n\n<ul class=\"wp-block-list\">\n<li>Pass d\u2019un mois avec acc\u00e8s illimit\u00e9 \u00e0 tous les cours (hors PF), streaming et stages du weekend inclus.<\/li>\n\n\n\n<li>Pass d\u2019un mois pour l\u2019acc\u00e8s aux cours en streaming uniquement. Les cours en streaming sont propos\u00e9s les mercredis \u00e0 18h30 (dur\u00e9e 1h) en direct uniquement (pas de replay)<\/li>\n<\/ul>\n\n\n\n<div class=\"wp-block-buttons is-layout-flex wp-block-buttons-is-layout-flex\">\n<div class=\"wp-block-button\"><a class=\"wp-block-button__link wp-element-button\" href=\"https:\/\/www.helloasso.com\/associations\/centre-bouddhiste-kadampa-menlha\/boutiques\/pass-meditation-streaming-avril-2026\">Acheter un pass d&rsquo;avril<\/a><\/div>\n<\/div>\n\n\n\n<p><\/p>\n\n\n\n<div style=\"height:46px\" aria-hidden=\"true\" class=\"wp-block-spacer\"><\/div>\n\n\n\n<h4 class=\"wp-block-heading\">Programme des enseignements et m\u00e9ditations guid\u00e9es \u00e0 Marseille<\/h4>\n\n\n\n<div class=\"wp-block-media-text is-stacked-on-mobile is-vertically-aligned-top\" style=\"grid-template-columns:46% auto\"><figure class=\"wp-block-media-text__media\"><a href=\"https:\/\/www.meditation-marseille.org\/wordpress\/meditations-et-enseignements-a-marseille\/\"><img loading=\"lazy\" decoding=\"async\" width=\"936\" height=\"624\" src=\"https:\/\/www.meditation-marseille.org\/wordpress\/wp-content\/uploads\/2024\/07\/NKT_Meditation_0053-Copie.jpg\" alt=\"\" class=\"wp-image-6675 size-full\" srcset=\"https:\/\/www.meditation-marseille.org\/wordpress\/wp-content\/uploads\/2024\/07\/NKT_Meditation_0053-Copie.jpg 936w, https:\/\/www.meditation-marseille.org\/wordpress\/wp-content\/uploads\/2024\/07\/NKT_Meditation_0053-Copie-300x200.jpg 300w, https:\/\/www.meditation-marseille.org\/wordpress\/wp-content\/uploads\/2024\/07\/NKT_Meditation_0053-Copie-768x512.jpg 768w\" sizes=\"auto, (max-width: 936px) 100vw, 936px\" \/><\/a><\/figure><div class=\"wp-block-media-text__content\">\n<p>Le centre propose chaque semaine des s\u00e9ances de m\u00e9ditations guid\u00e9es avec enseignement. Tout le monde est bienvenu. <\/p>\n\n\n\n<ul class=\"wp-block-list\">\n<li><a href=\"https:\/\/www.meditation-marseille.org\/wordpress\/meditations-et-enseignements-a-marseille\/\">Lundi \u00e0 19h30<\/a> (dur\u00e9e 1h30)<\/li>\n\n\n\n<li><a href=\"https:\/\/www.meditation-marseille.org\/wordpress\/meditations-et-enseignements-a-marseille-et-en-streaming\/\">Mercredi \u00e0 18h30, \u00e9galement en streaming<\/a> (dur\u00e9e 1h)<\/li>\n\n\n\n<li><a href=\"https:\/\/www.meditation-marseille.org\/wordpress\/cours-le-samedi\/\">Certains samedis<\/a><\/li>\n\n\n\n<li><a href=\"https:\/\/www.meditation-marseille.org\/wordpress\/stages-et-retraites-les-weekend\/\">Certains weekends complets<\/a><\/li>\n<\/ul>\n<\/div><\/div>\n\n\n\n<figure class=\"wp-block-gallery has-nested-images columns-default is-cropped wp-block-gallery-1 is-layout-flex wp-block-gallery-is-layout-flex\">\n<figure class=\"wp-block-image size-large\"><a href=\"https:\/\/www.meditation-marseille.org\/wordpress\/meditations-et-enseignements-a-marseille\/\"><img loading=\"lazy\" decoding=\"async\" width=\"1024\" height=\"585\" data-id=\"6677\" src=\"https:\/\/www.meditation-marseille.org\/wordpress\/wp-content\/uploads\/2024\/07\/Photo-PG-Copie-1-1024x585.jpg\" alt=\"\" class=\"wp-image-6677\" srcset=\"https:\/\/www.meditation-marseille.org\/wordpress\/wp-content\/uploads\/2024\/07\/Photo-PG-Copie-1-1024x585.jpg 1024w, https:\/\/www.meditation-marseille.org\/wordpress\/wp-content\/uploads\/2024\/07\/Photo-PG-Copie-1-300x171.jpg 300w, https:\/\/www.meditation-marseille.org\/wordpress\/wp-content\/uploads\/2024\/07\/Photo-PG-Copie-1-768x439.jpg 768w, https:\/\/www.meditation-marseille.org\/wordpress\/wp-content\/uploads\/2024\/07\/Photo-PG-Copie-1-1536x878.jpg 1536w, https:\/\/www.meditation-marseille.org\/wordpress\/wp-content\/uploads\/2024\/07\/Photo-PG-Copie-1-2048x1170.jpg 2048w\" sizes=\"auto, (max-width: 1024px) 100vw, 1024px\" \/><\/a><\/figure>\n<\/figure>\n\n\n\n<h4 class=\"wp-block-heading\">Un centre bouddhiste au c\u0153ur de Marseille<\/h4>\n\n\n\n<div class=\"wp-block-media-text is-stacked-on-mobile is-vertically-aligned-top\" style=\"grid-template-columns:42% auto\"><figure class=\"wp-block-media-text__media\"><a href=\"https:\/\/www.meditation-marseille.org\/wordpress\/le-futur-centre-menlha-a-marseille\/\"><img loading=\"lazy\" decoding=\"async\" width=\"1024\" height=\"821\" src=\"https:\/\/www.meditation-marseille.org\/wordpress\/wp-content\/uploads\/2024\/07\/Photo-autel-Copie-1024x821.jpg\" alt=\"\" class=\"wp-image-6681 size-full\" srcset=\"https:\/\/www.meditation-marseille.org\/wordpress\/wp-content\/uploads\/2024\/07\/Photo-autel-Copie-1024x821.jpg 1024w, https:\/\/www.meditation-marseille.org\/wordpress\/wp-content\/uploads\/2024\/07\/Photo-autel-Copie-300x241.jpg 300w, https:\/\/www.meditation-marseille.org\/wordpress\/wp-content\/uploads\/2024\/07\/Photo-autel-Copie-768x616.jpg 768w, https:\/\/www.meditation-marseille.org\/wordpress\/wp-content\/uploads\/2024\/07\/Photo-autel-Copie-1536x1232.jpg 1536w, https:\/\/www.meditation-marseille.org\/wordpress\/wp-content\/uploads\/2024\/07\/Photo-autel-Copie-2048x1643.jpg 2048w\" sizes=\"auto, (max-width: 1024px) 100vw, 1024px\" \/><\/a><\/figure><div class=\"wp-block-media-text__content\">\n<p>Le Centre Bouddhiste Kadampa de Marseille (appel\u00e9 \u00e9galement Centre Menlha) se situe 8 place Pierre Roux, 13005 Marseille.Tout le monde est bienvenu pour profiter du vaste programme qui est propos\u00e9 tout au long de l&rsquo;ann\u00e9e : <\/p>\n\n\n\n<ul class=\"wp-block-list\">\n<li>Enseignements et m\u00e9ditations guid\u00e9es<\/li>\n\n\n\n<li>Pri\u00e8res chant\u00e9es<\/li>\n\n\n\n<li>M\u00e9ditation pour les enfants <\/li>\n\n\n\n<li>Pri\u00e8res pour la paix dans le monde<\/li>\n<\/ul>\n<\/div><\/div>\n\n\n\n<p><\/p>\n\n\n\n<h4 class=\"wp-block-heading\">La Nouvelle Tradition Kadampa : une tradition internationale<\/h4>\n\n\n\n<div class=\"wp-block-media-text is-stacked-on-mobile is-vertically-aligned-top\" style=\"grid-template-columns:46% auto\"><figure class=\"wp-block-media-text__media\"><a href=\"https:\/\/www.meditation-marseille.org\/wordpress\/le-bouddhisme-kadampa\/\"><img loading=\"lazy\" decoding=\"async\" width=\"960\" height=\"640\" src=\"https:\/\/www.meditation-marseille.org\/wordpress\/wp-content\/uploads\/2024\/07\/106350970_692735711275327_4896733589520977612_n.jpg\" alt=\"\" class=\"wp-image-6679 size-full\" srcset=\"https:\/\/www.meditation-marseille.org\/wordpress\/wp-content\/uploads\/2024\/07\/106350970_692735711275327_4896733589520977612_n.jpg 960w, https:\/\/www.meditation-marseille.org\/wordpress\/wp-content\/uploads\/2024\/07\/106350970_692735711275327_4896733589520977612_n-300x200.jpg 300w, https:\/\/www.meditation-marseille.org\/wordpress\/wp-content\/uploads\/2024\/07\/106350970_692735711275327_4896733589520977612_n-768x512.jpg 768w\" sizes=\"auto, (max-width: 960px) 100vw, 960px\" \/><\/a><\/figure><div class=\"wp-block-media-text__content\">\n<p>La Nouvelle Tradition Kadampa est une association internationale de centres bouddhistes mahayanas, d\u00e9di\u00e9s \u00e0 l\u2019\u00e9tude et \u00e0 la m\u00e9ditation, qui font partie de la tradition bouddhiste kadampa, fond\u00e9e par V\u00e9n\u00e9rable Gu\u00e9sh\u00e9 Kelsang<br>Gyatso.<\/p>\n<\/div><\/div>\n\n\n\n<p><\/p>\n\n\n\n<h4 class=\"wp-block-heading\">D\u00e9couvrez les autres Centres Kadampa en France et dans le monde<\/h4>\n\n\n\n<div class=\"wp-block-media-text is-stacked-on-mobile is-vertically-aligned-top\" style=\"grid-template-columns:46% auto\"><figure class=\"wp-block-media-text__media\"><a href=\"https:\/\/www.meditation-marseille.org\/wordpress\/le-bouddhisme-kadampa\/\"><img loading=\"lazy\" decoding=\"async\" width=\"768\" height=\"512\" src=\"https:\/\/www.meditation-marseille.org\/wordpress\/wp-content\/uploads\/2024\/07\/CMK-France.jpg\" alt=\"\" class=\"wp-image-6683 size-full\" srcset=\"https:\/\/www.meditation-marseille.org\/wordpress\/wp-content\/uploads\/2024\/07\/CMK-France.jpg 768w, https:\/\/www.meditation-marseille.org\/wordpress\/wp-content\/uploads\/2024\/07\/CMK-France-300x200.jpg 300w\" sizes=\"auto, (max-width: 768px) 100vw, 768px\" \/><\/a><\/figure><div class=\"wp-block-media-text__content\">\n<p><a href=\"http:\/\/www.kadampafrance.org\/\">Centre m\u00e8re, Sarthe<\/a>&nbsp;|&nbsp;<a href=\"http:\/\/www.meditation-paris.org\/\">Paris, Ile de France<\/a>&nbsp;|&nbsp;<a href=\"http:\/\/www.meditation-rennes.org\/\">Rennes,Bretagne<\/a>&nbsp;|&nbsp;<a href=\"http:\/\/www.meditation-Lille.org\/\">Lille, Nord<\/a>&nbsp;|&nbsp;<a href=\"http:\/\/www.meditation-metz.org\/\">Metz, Alsace-Lorraine<\/a>&nbsp;|&nbsp;<a href=\"http:\/\/www.meditation-nantes.org\/\">Nantes, Pays de la Loire<\/a>&nbsp;|&nbsp;<a href=\"http:\/\/www.meditation-toulouse.org\/\/\">Toulouse, Sud-Ouest<\/a>&nbsp;|&nbsp;<a href=\"http:\/\/www.meditation-montpellier.org\/\">Montpellier, Sud<\/a>&nbsp;|&nbsp;<a href=\"http:\/\/www.meditation-nice.org\/\">Nice, PACA<\/a>&nbsp;|&nbsp;<a href=\"http:\/\/www.meditation-lyon.org\/\">Lyon, Rh\u00f4ne-Alpes<\/a>&nbsp;|&nbsp;<a href=\"http:\/\/www.bouddhismenouvellecaledonie.org\/\">Nouvelle Cal\u00e9donie, Outre Mer<\/a>&nbsp;|&nbsp;<a href=\"http:\/\/kadampa.org\/fr\/centers\">Dans le monde<\/a><\/p>\n<\/div><\/div>\n\n\n\n<p><\/p>\n\n\n\n<h4 class=\"wp-block-heading\">Restons connect\u00e9s !<\/h4>\n\n\n\n<div class=\"wp-block-media-text is-stacked-on-mobile is-vertically-aligned-top\" style=\"grid-template-columns:46% auto\"><figure class=\"wp-block-media-text__media\"><a href=\"https:\/\/www.meditation-marseille.org\/wordpress\/le-bouddhisme-kadampa\/\"><img loading=\"lazy\" decoding=\"async\" width=\"1024\" height=\"829\" src=\"https:\/\/www.meditation-marseille.org\/wordpress\/wp-content\/uploads\/2024\/07\/solen-feyissa-TaOGbz_S-Qw-unsplash-1024x829.jpg\" alt=\"\" class=\"wp-image-6686 size-full\" srcset=\"https:\/\/www.meditation-marseille.org\/wordpress\/wp-content\/uploads\/2024\/07\/solen-feyissa-TaOGbz_S-Qw-unsplash-1024x829.jpg 1024w, https:\/\/www.meditation-marseille.org\/wordpress\/wp-content\/uploads\/2024\/07\/solen-feyissa-TaOGbz_S-Qw-unsplash-300x243.jpg 300w, https:\/\/www.meditation-marseille.org\/wordpress\/wp-content\/uploads\/2024\/07\/solen-feyissa-TaOGbz_S-Qw-unsplash-768x622.jpg 768w, https:\/\/www.meditation-marseille.org\/wordpress\/wp-content\/uploads\/2024\/07\/solen-feyissa-TaOGbz_S-Qw-unsplash-1536x1244.jpg 1536w, https:\/\/www.meditation-marseille.org\/wordpress\/wp-content\/uploads\/2024\/07\/solen-feyissa-TaOGbz_S-Qw-unsplash-2048x1659.jpg 2048w\" sizes=\"auto, (max-width: 1024px) 100vw, 1024px\" \/><\/a><\/figure><div class=\"wp-block-media-text__content\">\n<p>Nous sommes pr\u00e9sents sur les r\u00e9seaux sociaux Instagram et Facebook, n&rsquo;h\u00e9sitez pas \u00e0 nous suivre : <\/p>\n\n\n\n<ul class=\"wp-block-social-links is-layout-flex wp-block-social-links-is-layout-flex\"><li class=\"wp-social-link wp-social-link-facebook  wp-block-social-link\"><a href=\"https:\/\/www.facebook.com\/MeditationMarseille\/\" class=\"wp-block-social-link-anchor\"><svg width=\"24\" height=\"24\" viewBox=\"0 0 24 24\" version=\"1.1\" xmlns=\"http:\/\/www.w3.org\/2000\/svg\" aria-hidden=\"true\" focusable=\"false\"><path d=\"M12 2C6.5 2 2 6.5 2 12c0 5 3.7 9.1 8.4 9.9v-7H7.9V12h2.5V9.8c0-2.5 1.5-3.9 3.8-3.9 1.1 0 2.2.2 2.2.2v2.5h-1.3c-1.2 0-1.6.8-1.6 1.6V12h2.8l-.4 2.9h-2.3v7C18.3 21.1 22 17 22 12c0-5.5-4.5-10-10-10z\"><\/path><\/svg><span class=\"wp-block-social-link-label screen-reader-text\">Facebook<\/span><\/a><\/li>\n\n<li class=\"wp-social-link wp-social-link-instagram  wp-block-social-link\"><a href=\"https:\/\/www.instagram.com\/meditationmarseille\/\" class=\"wp-block-social-link-anchor\"><svg width=\"24\" height=\"24\" viewBox=\"0 0 24 24\" version=\"1.1\" xmlns=\"http:\/\/www.w3.org\/2000\/svg\" aria-hidden=\"true\" focusable=\"false\"><path d=\"M12,4.622c2.403,0,2.688,0.009,3.637,0.052c0.877,0.04,1.354,0.187,1.671,0.31c0.42,0.163,0.72,0.358,1.035,0.673 c0.315,0.315,0.51,0.615,0.673,1.035c0.123,0.317,0.27,0.794,0.31,1.671c0.043,0.949,0.052,1.234,0.052,3.637 s-0.009,2.688-0.052,3.637c-0.04,0.877-0.187,1.354-0.31,1.671c-0.163,0.42-0.358,0.72-0.673,1.035 c-0.315,0.315-0.615,0.51-1.035,0.673c-0.317,0.123-0.794,0.27-1.671,0.31c-0.949,0.043-1.233,0.052-3.637,0.052 s-2.688-0.009-3.637-0.052c-0.877-0.04-1.354-0.187-1.671-0.31c-0.42-0.163-0.72-0.358-1.035-0.673 c-0.315-0.315-0.51-0.615-0.673-1.035c-0.123-0.317-0.27-0.794-0.31-1.671C4.631,14.688,4.622,14.403,4.622,12 s0.009-2.688,0.052-3.637c0.04-0.877,0.187-1.354,0.31-1.671c0.163-0.42,0.358-0.72,0.673-1.035 c0.315-0.315,0.615-0.51,1.035-0.673c0.317-0.123,0.794-0.27,1.671-0.31C9.312,4.631,9.597,4.622,12,4.622 M12,3 C9.556,3,9.249,3.01,8.289,3.054C7.331,3.098,6.677,3.25,6.105,3.472C5.513,3.702,5.011,4.01,4.511,4.511 c-0.5,0.5-0.808,1.002-1.038,1.594C3.25,6.677,3.098,7.331,3.054,8.289C3.01,9.249,3,9.556,3,12c0,2.444,0.01,2.751,0.054,3.711 c0.044,0.958,0.196,1.612,0.418,2.185c0.23,0.592,0.538,1.094,1.038,1.594c0.5,0.5,1.002,0.808,1.594,1.038 c0.572,0.222,1.227,0.375,2.185,0.418C9.249,20.99,9.556,21,12,21s2.751-0.01,3.711-0.054c0.958-0.044,1.612-0.196,2.185-0.418 c0.592-0.23,1.094-0.538,1.594-1.038c0.5-0.5,0.808-1.002,1.038-1.594c0.222-0.572,0.375-1.227,0.418-2.185 C20.99,14.751,21,14.444,21,12s-0.01-2.751-0.054-3.711c-0.044-0.958-0.196-1.612-0.418-2.185c-0.23-0.592-0.538-1.094-1.038-1.594 c-0.5-0.5-1.002-0.808-1.594-1.038c-0.572-0.222-1.227-0.375-2.185-0.418C14.751,3.01,14.444,3,12,3L12,3z M12,7.378 c-2.552,0-4.622,2.069-4.622,4.622S9.448,16.622,12,16.622s4.622-2.069,4.622-4.622S14.552,7.378,12,7.378z M12,15 c-1.657,0-3-1.343-3-3s1.343-3,3-3s3,1.343,3,3S13.657,15,12,15z M16.804,6.116c-0.596,0-1.08,0.484-1.08,1.08 s0.484,1.08,1.08,1.08c0.596,0,1.08-0.484,1.08-1.08S17.401,6.116,16.804,6.116z\"><\/path><\/svg><span class=\"wp-block-social-link-label screen-reader-text\">Instagram<\/span><\/a><\/li>\n\n<li class=\"wp-social-link wp-social-link-youtube  wp-block-social-link\"><a href=\"https:\/\/www.youtube.com\/@NouvelleTraditionKadampa\" class=\"wp-block-social-link-anchor\"><svg width=\"24\" height=\"24\" viewBox=\"0 0 24 24\" version=\"1.1\" xmlns=\"http:\/\/www.w3.org\/2000\/svg\" aria-hidden=\"true\" focusable=\"false\"><path d=\"M21.8,8.001c0,0-0.195-1.378-0.795-1.985c-0.76-0.797-1.613-0.801-2.004-0.847c-2.799-0.202-6.997-0.202-6.997-0.202 h-0.009c0,0-4.198,0-6.997,0.202C4.608,5.216,3.756,5.22,2.995,6.016C2.395,6.623,2.2,8.001,2.2,8.001S2,9.62,2,11.238v1.517 c0,1.618,0.2,3.237,0.2,3.237s0.195,1.378,0.795,1.985c0.761,0.797,1.76,0.771,2.205,0.855c1.6,0.153,6.8,0.201,6.8,0.201 s4.203-0.006,7.001-0.209c0.391-0.047,1.243-0.051,2.004-0.847c0.6-0.607,0.795-1.985,0.795-1.985s0.2-1.618,0.2-3.237v-1.517 C22,9.62,21.8,8.001,21.8,8.001z M9.935,14.594l-0.001-5.62l5.404,2.82L9.935,14.594z\"><\/path><\/svg><span class=\"wp-block-social-link-label screen-reader-text\">YouTube<\/span><\/a><\/li>\n\n<li class=\"wp-social-link wp-social-link-tiktok  wp-block-social-link\"><a href=\"https:\/\/www.tiktok.com\/@meditationmarseille\" class=\"wp-block-social-link-anchor\"><svg width=\"24\" height=\"24\" viewBox=\"0 0 32 32\" version=\"1.1\" xmlns=\"http:\/\/www.w3.org\/2000\/svg\" aria-hidden=\"true\" focusable=\"false\"><path d=\"M16.708 0.027c1.745-0.027 3.48-0.011 5.213-0.027 0.105 2.041 0.839 4.12 2.333 5.563 1.491 1.479 3.6 2.156 5.652 2.385v5.369c-1.923-0.063-3.855-0.463-5.6-1.291-0.76-0.344-1.468-0.787-2.161-1.24-0.009 3.896 0.016 7.787-0.025 11.667-0.104 1.864-0.719 3.719-1.803 5.255-1.744 2.557-4.771 4.224-7.88 4.276-1.907 0.109-3.812-0.411-5.437-1.369-2.693-1.588-4.588-4.495-4.864-7.615-0.032-0.667-0.043-1.333-0.016-1.984 0.24-2.537 1.495-4.964 3.443-6.615 2.208-1.923 5.301-2.839 8.197-2.297 0.027 1.975-0.052 3.948-0.052 5.923-1.323-0.428-2.869-0.308-4.025 0.495-0.844 0.547-1.485 1.385-1.819 2.333-0.276 0.676-0.197 1.427-0.181 2.145 0.317 2.188 2.421 4.027 4.667 3.828 1.489-0.016 2.916-0.88 3.692-2.145 0.251-0.443 0.532-0.896 0.547-1.417 0.131-2.385 0.079-4.76 0.095-7.145 0.011-5.375-0.016-10.735 0.025-16.093z\" \/><\/svg><span class=\"wp-block-social-link-label screen-reader-text\">TikTok<\/span><\/a><\/li>\n\n<li class=\"wp-social-link wp-social-link-spotify  wp-block-social-link\"><a href=\"https:\/\/open.spotify.com\/show\/6zHXVozq0ik1OcHomMCPdN\" class=\"wp-block-social-link-anchor\"><svg width=\"24\" height=\"24\" viewBox=\"0 0 24 24\" version=\"1.1\" xmlns=\"http:\/\/www.w3.org\/2000\/svg\" aria-hidden=\"true\" focusable=\"false\"><path d=\"M12,2C6.477,2,2,6.477,2,12c0,5.523,4.477,10,10,10c5.523,0,10-4.477,10-10C22,6.477,17.523,2,12,2 M16.586,16.424 c-0.18,0.295-0.563,0.387-0.857,0.207c-2.348-1.435-5.304-1.76-8.785-0.964c-0.335,0.077-0.67-0.133-0.746-0.469 c-0.077-0.335,0.132-0.67,0.469-0.746c3.809-0.871,7.077-0.496,9.713,1.115C16.673,15.746,16.766,16.13,16.586,16.424 M17.81,13.7 c-0.226,0.367-0.706,0.482-1.072,0.257c-2.687-1.652-6.785-2.131-9.965-1.166C6.36,12.917,5.925,12.684,5.8,12.273 C5.675,11.86,5.908,11.425,6.32,11.3c3.632-1.102,8.147-0.568,11.234,1.328C17.92,12.854,18.035,13.335,17.81,13.7 M17.915,10.865 c-3.223-1.914-8.54-2.09-11.618-1.156C5.804,9.859,5.281,9.58,5.131,9.086C4.982,8.591,5.26,8.069,5.755,7.919 c3.532-1.072,9.404-0.865,13.115,1.338c0.445,0.264,0.59,0.838,0.327,1.282C18.933,10.983,18.359,11.129,17.915,10.865\"><\/path><\/svg><span class=\"wp-block-social-link-label screen-reader-text\">Spotify<\/span><\/a><\/li><\/ul>\n<\/div><\/div>\n\n\n\n<p><\/p>\n\n\n\n<p><iframe loading=\"lazy\" style=\"display: block; margin-left: auto; margin-right: auto; max-width: 100%;\" src=\"https:\/\/b1bbd035.sibforms.com\/serve\/MUIEAAS0qVVuCHMYXIfuHlSXUJ3DWM_2ElPwwcbNh0Yat1945GZG_l5hwNX0m7plN61kgquO3u2qiQ2tDagmyR_nHcrucEg2HrFw0eAIXcj-w9jEeGDCt6lCgd94Tcib0Qi5zJ6ewyrOE3U_UpZIVyTNhyDhGabVuDynhMwHDq1m3DCSTx-3MJkDwje4gIMwzyi9u5qiE_Wd0rnT\" width=\"1000\" height=\"550\" frameborder=\"0\" scrolling=\"auto\" allowfullscreen=\"allowfullscreen\"><\/iframe><\/p>\n","protected":false},"excerpt":{"rendered":"<p>Nous vous accueillons pour des enseignements et des m\u00e9ditations au Centre Bouddhiste Kadampa Menlha, 8 place Pierre Roux, dans le 5\u00e8me&nbsp;\u00e0 Marseille (M\u00e9tro Baille). Les prochains \u00e9v\u00e8nements \u00e0 ne pas <a class=\"more-link\" href=\"https:\/\/www.meditation-marseille.org\/wordpress\/\">Continue Reading &rarr;<\/a><\/p>\n","protected":false},"author":1,"featured_media":0,"parent":0,"menu_order":0,"comment_status":"open","ping_status":"open","template":"","meta":{"footnotes":""},"class_list":["post-2","page","type-page","status-publish","hentry"],"_links":{"self":[{"href":"https:\/\/www.meditation-marseille.org\/wordpress\/wp-json\/wp\/v2\/pages\/2","targetHints":{"allow":["GET"]}}],"collection":[{"href":"https:\/\/www.meditation-marseille.org\/wordpress\/wp-json\/wp\/v2\/pages"}],"about":[{"href":"https:\/\/www.meditation-marseille.org\/wordpress\/wp-json\/wp\/v2\/types\/page"}],"author":[{"embeddable":true,"href":"https:\/\/www.meditation-marseille.org\/wordpress\/wp-json\/wp\/v2\/users\/1"}],"replies":[{"embeddable":true,"href":"https:\/\/www.meditation-marseille.org\/wordpress\/wp-json\/wp\/v2\/comments?post=2"}],"version-history":[{"count":214,"href":"https:\/\/www.meditation-marseille.org\/wordpress\/wp-json\/wp\/v2\/pages\/2\/revisions"}],"predecessor-version":[{"id":8252,"href":"https:\/\/www.meditation-marseille.org\/wordpress\/wp-json\/wp\/v2\/pages\/2\/revisions\/8252"}],"wp:attachment":[{"href":"https:\/\/www.meditation-marseille.org\/wordpress\/wp-json\/wp\/v2\/media?parent=2"}],"curies":[{"name":"wp","href":"https:\/\/api.w.org\/{rel}","templated":true}]}}